{"id":1298,"date":"2011-10-08T01:54:44","date_gmt":"2011-10-07T23:54:44","guid":{"rendered":"http:\/\/www.abseitsreisen.de\/blog\/?page_id=1298"},"modified":"2023-11-20T18:01:57","modified_gmt":"2023-11-20T17:01:57","slug":"indonesien","status":"publish","type":"page","link":"https:\/\/www.abseitsreisen.de\/blog\/lander-informationen\/indonesien\/","title":{"rendered":"Indonesien"},"content":{"rendered":"<p style=\"text-align: justify;\"><strong>Stand der Informationen<\/strong><br \/>\nAugust 2011<\/p>\n<p style=\"text-align: justify;\">Indonesien haben wir nicht mit dem eigenen Fahrzeug bereist.<\/p>\n<p style=\"text-align: justify;\">Alle Informationen beziehen sich lediglich auf Sumatra.<\/p>\n<p style=\"text-align: justify;\"><strong>Visa<\/strong><br \/>\nBei Einreise erh\u00e4lt man f\u00fcr 25 $ ein Visum f\u00fcr 30 Tage Aufenthalt, welches im Land um weitere 30 Tage verl\u00e4ngert werden kann. Wahlweise kann man vorab ein Visum f\u00fcr zwei Monate beantragen.<\/p>\n<p style=\"text-align: justify;\"><strong>Kraftstoff<\/strong><br \/>\nDiesel und Benzin kostet derzeit 4500 Rupien (0,37 \u20ac) pro Liter.<\/p>\n<p style=\"text-align: justify;\"><strong>Kommunikation<\/strong><br \/>\nMit der Simkarte von Telkomsel kostet die Minute ins deutsche Festnetz ca. 0,15 \u20ac \/ Minute. Auf unserer Route (Medan, Lake-Toba, Berestagi, Bukit-Lawang) war die Netzabdeckung von Telkomsel gut.<\/p>\n<p style=\"text-align: justify;\"><strong>Stra\u00dfen<\/strong><br \/>\nDie Stra\u00dfen auf Sumatra sind in schlechtem Zustand. Schlagl\u00f6cher und unbefestigte Stra\u00dfenabschnitte sind keine Seltenheit. Um 100 km mit dem \u00f6ffentlichen Bus zur\u00fcckzulegen ben\u00f6tigt man vier bis sechs Stunden.<\/p>\n<p style=\"text-align: justify;\"><strong>Geld<\/strong><br \/>\nIn gr\u00f6\u00dferen Ortschaften gibt es ATMs. Nicht alle akzeptieren VISA-Karten, daher ist es zu empfehlen, f\u00fcr den Notfall auch etwas Bargeld mit sich zu f\u00fchren, das in vielen Unterk\u00fcnften getauscht werden kann.<\/p>\n<p style=\"text-align: justify;\"><strong>F\u00e4hren<\/strong><br \/>\nAuch nach langer Recherche konnten wir keine F\u00e4hre von Malaysia nach Sumatra finden. Von Penang wurde, nach Auskunft der dortigen Touristeninformation, die letzte Autof\u00e4hre vor einem Jahr eingestellt. Auch von Melaka aus gibt es keinen Service. Wir bereisten Sumatra daher mit \u00f6ffentlichen Verkehrsmitteln, w\u00e4hrend unser Auto in die USA \u00fcbersetzte.<\/p>\n<blockquote>\n<p style=\"text-align: justify;\">Helfen euch die Informationen auf unserer Webseite beim Reisen oder der Vorbereitung dazu weiter? Freut uns. Auch ihr k\u00f6nnt unser Reiseprojekt unterst\u00fctzen, einfach und kostenlos.<\/p>\n<p style=\"text-align: justify;\">Wenn ihr das n\u00e4chste Mal bei Amazon bestellt, nutzt daf\u00fcr den\u00a0<a href=\"http:\/\/www.amazon.de\/?_encoding=UTF8&amp;site-redirect=de&amp;tag=wwwabseitsrei-21&amp;linkCode=ur2&amp;camp=1638&amp;creative=6742\" target=\"_blank\" rel=\"noopener\">Amazon-Link<\/a>\u00a0bei abseitsreisen.de bevor ihr etwas in den Warenkorb legt. Amazon verg\u00fctet uns dadurch ein kleine Linkpr\u00e4mie. Der Preis f\u00fcr euch als Kunden bleibt dadurch nat\u00fcrlich unber\u00fchrt.<\/p>\n<p style=\"text-align: justify;\">Noch besser: Zieht euch diesen\u00a0<a href=\"http:\/\/www.amazon.de\/?_encoding=UTF8&amp;site-redirect=de&amp;tag=wwwabseitsrei-21&amp;linkCode=ur2&amp;camp=1638&amp;creative=6742\" target=\"_blank\" rel=\"noopener\">Amazon-Link<\/a>\u00a0per Drag-and-Drop in die Lesezeichen eures Browsers und klickt euch so f\u00fcr die n\u00e4chsten Bestellungen zu Amazon. Damit unterst\u00fctzt ihr kostenlos diese Webseite bei jedem Einkauf. Dankesch\u00f6n.<\/p>\n<\/blockquote>\n","protected":false},"excerpt":{"rendered":"<p>Stand der Informationen August 2011 Indonesien haben wir nicht mit dem eigenen Fahrzeug bereist. Alle Informationen beziehen sich lediglich auf Sumatra. Visa Bei Einreise erh\u00e4lt man f\u00fcr 25 $ ein Visum f\u00fcr 30 Tage Aufenthalt, welches im Land um weitere &hellip; <a href=\"https:\/\/www.abseitsreisen.de\/blog\/lander-informationen\/indonesien\/\">Weiterlesen<\/a><\/p>\n","protected":false},"author":2,"featured_media":0,"parent":473,"menu_order":20,"comment_status":"closed","ping_status":"closed","template":"","meta":{"kt_blocks_editor_width":"","_metis_text_type":"standard","_metis_text_length":2079,"_post_count":0,"footnotes":""},"class_list":["post-1298","page","type-page","status-publish","hentry"],"aioseo_notices":[],"public_identification_id":"ca631537b18a4932a354521ee4020c06","private_identification_id":"14ee8e14ec7a417180619f2882e2519c","_links":{"self":[{"href":"https:\/\/www.abseitsreisen.de\/blog\/wp-json\/wp\/v2\/pages\/1298","targetHints":{"allow":["GET"]}}],"collection":[{"href":"https:\/\/www.abseitsreisen.de\/blog\/wp-json\/wp\/v2\/pages"}],"about":[{"href":"https:\/\/www.abseitsreisen.de\/blog\/wp-json\/wp\/v2\/types\/page"}],"author":[{"embeddable":true,"href":"https:\/\/www.abseitsreisen.de\/blog\/wp-json\/wp\/v2\/users\/2"}],"replies":[{"embeddable":true,"href":"https:\/\/www.abseitsreisen.de\/blog\/wp-json\/wp\/v2\/comments?post=1298"}],"version-history":[{"count":12,"href":"https:\/\/www.abseitsreisen.de\/blog\/wp-json\/wp\/v2\/pages\/1298\/revisions"}],"predecessor-version":[{"id":333986,"href":"https:\/\/www.abseitsreisen.de\/blog\/wp-json\/wp\/v2\/pages\/1298\/revisions\/333986"}],"up":[{"embeddable":true,"href":"https:\/\/www.abseitsreisen.de\/blog\/wp-json\/wp\/v2\/pages\/473"}],"wp:attachment":[{"href":"https:\/\/www.abseitsreisen.de\/blog\/wp-json\/wp\/v2\/media?parent=1298"}],"curies":[{"name":"wp","href":"https:\/\/api.w.org\/{rel}","templated":true}]}}