{"id":2,"date":"2009-07-30T14:51:05","date_gmt":"2009-07-30T12:51:05","guid":{"rendered":"http:\/\/www.abseitsreisen.de\/blog\/?page_id=2"},"modified":"2009-08-10T19:18:51","modified_gmt":"2009-08-10T17:18:51","slug":"eine-seite","status":"publish","type":"page","link":"https:\/\/www.abseitsreisen.de\/blog\/eine-seite\/","title":{"rendered":"Disclaimer"},"content":{"rendered":"<p><!-- \t\t@page { margin: 2cm } \t\tP { margin-bottom: 0.21cm } --><\/p>\n<p style=\"font-style: normal;\"><span style=\"color: #000000;\"><span><span style=\"font-size: small;\"><\/span><\/span><\/span><span style=\"font-weight: normal;\">Mit Urteil vom 12. Mai 1998 hat das Landgericht Hamburg entschieden, dass durch Anbringung eines Links die Inhalte der betreffenden Seite ggf. mit zu verantworten sind. Dies kann &#8211; so das LG &#8211; nur durch ausdr\u00fcckliche Distanzierung von diesen Inhalten verhindert werden. Auf dieser Website gibt es verschiedene externe Links. F\u00fcr all diese Links gilt: Die Herausgeber und der Webmaster betonen ausdr\u00fccklich, dass sie keinerlei Einfluss auf die Gestaltung und die Inhalte der gelinkten externen Seiten haben. Deshalb distanzieren sie sich ausdr\u00fccklich von allen Inhalten aller gelinkten externen Seiten auf dieser Web-Site und machen sich deren Inhalte nicht zu eigen. Diese Erkl\u00e4rung gilt f\u00fcr alle auf dieser Website angebrachten Links, wie auch f\u00fcr Seiten, die durch Webringe aufgerufen werden.<\/span><\/p>\n","protected":false},"excerpt":{"rendered":"<p>Mit Urteil vom 12. Mai 1998 hat das Landgericht Hamburg entschieden, dass durch Anbringung eines Links die Inhalte der betreffenden Seite ggf. mit zu verantworten sind. Dies kann &#8211; so das LG &#8211; nur durch ausdr\u00fcckliche Distanzierung von diesen Inhalten &hellip; <a href=\"https:\/\/www.abseitsreisen.de\/blog\/eine-seite\/\">Weiterlesen<\/a><\/p>\n","protected":false},"author":1,"featured_media":0,"parent":0,"menu_order":7,"comment_status":"closed","ping_status":"closed","template":"","meta":{"kt_blocks_editor_width":"","_metis_text_type":"standard","_metis_text_length":1289,"_post_count":0,"footnotes":""},"class_list":["post-2","page","type-page","status-publish","hentry"],"aioseo_notices":[],"_links":{"self":[{"href":"https:\/\/www.abseitsreisen.de\/blog\/wp-json\/wp\/v2\/pages\/2","targetHints":{"allow":["GET"]}}],"collection":[{"href":"https:\/\/www.abseitsreisen.de\/blog\/wp-json\/wp\/v2\/pages"}],"about":[{"href":"https:\/\/www.abseitsreisen.de\/blog\/wp-json\/wp\/v2\/types\/page"}],"author":[{"embeddable":true,"href":"https:\/\/www.abseitsreisen.de\/blog\/wp-json\/wp\/v2\/users\/1"}],"replies":[{"embeddable":true,"href":"https:\/\/www.abseitsreisen.de\/blog\/wp-json\/wp\/v2\/comments?post=2"}],"version-history":[{"count":2,"href":"https:\/\/www.abseitsreisen.de\/blog\/wp-json\/wp\/v2\/pages\/2\/revisions"}],"predecessor-version":[{"id":49,"href":"https:\/\/www.abseitsreisen.de\/blog\/wp-json\/wp\/v2\/pages\/2\/revisions\/49"}],"wp:attachment":[{"href":"https:\/\/www.abseitsreisen.de\/blog\/wp-json\/wp\/v2\/media?parent=2"}],"curies":[{"name":"wp","href":"https:\/\/api.w.org\/{rel}","templated":true}]}}