{"id":4360,"date":"2014-01-30T08:43:52","date_gmt":"2014-01-30T07:43:52","guid":{"rendered":"http:\/\/www.abseitsreisen.de\/blog\/?page_id=4360"},"modified":"2016-08-21T15:36:05","modified_gmt":"2016-08-21T13:36:05","slug":"bis-ans-ende-der-welt-22-januar-2017-in-freising","status":"publish","type":"page","link":"https:\/\/www.abseitsreisen.de\/blog\/bis-ans-ende-der-welt-22-januar-2017-in-freising\/","title":{"rendered":"&#8218;Bis ans Ende der Welt&#8216; &#8211;  22. Januar 2017 in Freising."},"content":{"rendered":"<div id=\"pl-4360\"  class=\"panel-layout\" ><div id=\"pg-4360-0\"  class=\"panel-grid panel-no-style\" ><div id=\"pgc-4360-0-0\"  class=\"panel-grid-cell\" ><div id=\"panel-4360-0-0-0\" class=\"so-panel widget panel-first-child panel-last-child\" data-index=\"0\" ><\/div><\/div><div id=\"pgc-4360-0-1\"  class=\"panel-grid-cell\" ><div id=\"panel-4360-0-1-0\" class=\"so-panel widget widget_black-studio-tinymce widget_black_studio_tinymce panel-first-child panel-last-child\" data-index=\"1\" ><div class=\"textwidget\"><div title=\"Page 1\">\n<p><strong>PREISE\u00a0<\/strong><\/p>\n<p style=\"padding-left: 30px;\">VVK: \u20ac 11,-\u00a0\/\u00a0\u20ac 9,- erm\u00e4\u00dfigt<br \/> Abendkasse: \u20ac 12,-\u00a0\/ \u20ac 10,- erm\u00e4\u00dfigt<\/p>\n<p style=\"padding-left: 30px;\">Erm\u00e4\u00dfigung erhalten Sch\u00fcler, Studenten und Schwerbehinderte ab 80%.<br \/> <span style=\"color: #c0c0c0;\">(Ohne Umsatzsteuer gem\u00e4\u00df \u00a7 19 (1) UStG)<\/span><\/p>\n<p style=\"padding-left: 30px;\">\u00a0<\/p>\n<\/div>\n<div title=\"Page 1\"><strong style=\"line-height: 1.5em;\">VORVERKAUFSSTELLEN<\/strong><\/div>\n<div title=\"Page 1\">\u00a0<\/div>\n<p style=\"padding-left: 30px;\">Touristinfo Freising<br \/> Marienplatz 7<br \/> 85354 Freising<br \/> Tel: 08161 \/ 54-44-333<\/p>\n<p style=\"padding-left: 30px;\">\u00a0<\/p>\n<p><b>TICKETS ONLINE<\/b><\/p>\n<p style=\"padding-left: 30px;\"><a href=\"https:\/\/tickets.vibus.de\/Shop\/-\/Freising\/Lindenkeller\/Oberhaus\/Bis_ans_Ende_der_Welt_\/-\/00000000000000\/VstDetails.aspx?VstKey=10012700003335000\">www.tickets.vibus.de<\/a><\/p>\n<p style=\"padding-left: 30px;\"><a href=\"http:\/\/okticket.de\/tickets-live-fotoreportage-bis-ans-ende-der-welt-freising-lindenkeller-e17212\" target=\"_blank\">www.okticket.de<\/a><\/p>\n<\/div><\/div><\/div><div id=\"pgc-4360-0-2\"  class=\"panel-grid-cell\" ><div id=\"panel-4360-0-2-0\" class=\"so-panel widget widget_black-studio-tinymce widget_black_studio_tinymce panel-first-child\" data-index=\"2\" ><div class=\"textwidget\"><p><strong>ABENDKASSE<\/strong><\/p>\n<p>Restkarten k\u00f6nnen an der Abendkasse erworben werden. Die Abendkasse \u00f6ffnet um 16:00 Uhr.<\/p>\n<p>&nbsp;<\/p>\n<p><b>KARTENRESERVIERUNG<\/b><\/p>\n<p>Tickets k\u00f6nnen zum Abendkassenpreis\u00a0verbindlich f\u00fcr die Abendkasse reserviert werden.<\/p>\n<p>Reservierte Tickets werden bis 30 Minuten vor Veranstaltungsbeginn an der Abendkasse hinterlegt, danach verf\u00e4llt die Reservierung.\u00a0(Reservierung m\u00f6glich bis 24 Stunden vor Veranstaltungsbeginn.)<\/p>\n<div title=\"Page 1\"><\/div>\n<\/div><\/div><div id=\"panel-4360-0-2-1\" class=\"so-panel widget widget_sow-contact-form panel-last-child\" data-index=\"3\" ><div\n\t\t\t\n\t\t\tclass=\"so-widget-sow-contact-form so-widget-sow-contact-form-default-90eb4316f972-4360\"\n\t\t\t\n\t\t>\t<form\n\t\taction=\"\/blog\/wp-json\/wp\/v2\/pages\/4360\"\n\t\tmethod=\"POST\"\n\t\tclass=\"sow-contact-form\"\n\t\tid=\"contact-form-0d19\"\n\t>\n\n\t\t\n\t\t\t\t\t<div class=\"sow-form-field sow-form-field-name\">\n\t\t\t\t<label class=\"sow-form-field-label-above\" for=\"sow-contact-form-field-name-1\">\n\t\t\t\t<strong>\n\t\t\t\t\tName\t\t\t\t\t\t\t\t\t<\/strong>\n\t\t\t<\/label>\n\t\t\t\t\t\t\t<div class=\"sow-field-container\">\n\t\t\t\t\t\t\t<input\n\t\t\ttype=\"text\"\n\t\t\tname=\"name-1\"\n\t\t\tid=\"sow-contact-form-field-name-1\"\n\t\t\tvalue=\"\"\n\t\t\tclass=\"sow-text-field\"\n\t\t\t\t\t\t\t\t\/>\n\t\t\t\t\t\t<\/div>\n\t\t\t\t\t\t\t<\/div>\n\t\t\t\t\t\t<div class=\"sow-form-field sow-form-field-email\">\n\t\t\t\t<label class=\"sow-form-field-label-above\" for=\"sow-contact-form-field-e-mail-1\">\n\t\t\t\t<strong>\n\t\t\t\t\tE-Mail\t\t\t\t\t\t\t\t\t<\/strong>\n\t\t\t<\/label>\n\t\t\t\t\t\t\t<div class=\"sow-field-container\">\n\t\t\t\t\t\t\t<input\n\t\t\ttype=\"email\"\n\t\t\tname=\"e-mail-1\"\n\t\t\tid=\"sow-contact-form-field-e-mail-1\"\n\t\t\tvalue=\"\"\n\t\t\tclass=\"sow-text-field\"\t\t\t\t\t\t\t\t\/>\n\t\t\t\t\t\t<\/div>\n\t\t\t\t\t\t\t<\/div>\n\t\t\t\t\t\t<div class=\"sow-form-field sow-form-field-text\">\n\t\t\t\t<label class=\"sow-form-field-label-above\" for=\"sow-contact-form-field-wie-viele-karten-moechten-sie-fuer-bis-ans-ende-der-welt-am-22-01-2017-im-lindenkeller-freising-reservieren-1\">\n\t\t\t\t<strong>\n\t\t\t\t\tWie viele Karten m\u00f6chten Sie f\u00fcr &#039;Bis ans Ende der Welt&#039; am 22.01.2017 im Lindenkeller Freising reservieren? \t\t\t\t\t\t\t\t\t<\/strong>\n\t\t\t<\/label>\n\t\t\t\t\t\t\t<div class=\"sow-field-container\">\n\t\t\t\t\t\t\t<input\n\t\t\ttype=\"text\"\n\t\t\tname=\"wie-viele-karten-moechten-sie-fuer-bis-ans-ende-der-welt-am-22-01-2017-im-lindenkeller-freising-reservieren-1\"\n\t\t\tid=\"sow-contact-form-field-wie-viele-karten-moechten-sie-fuer-bis-ans-ende-der-welt-am-22-01-2017-im-lindenkeller-freising-reservieren-1\"\n\t\t\tvalue=\"\"\n\t\t\tclass=\"sow-text-field\"\t\t\taria-describedby=\"sow-contact-form-field-wie-viele-karten-moechten-sie-fuer-bis-ans-ende-der-welt-am-22-01-2017-im-lindenkeller-freising-reservieren-1-description\" \t\t\t\t\t\/>\n\t\t\t\t\t\t\t\t<div\n\t\t\t\t\t\t\tclass=\"sow-form-field-description\"\n\t\t\t\t\t\t\tid=\"sow-contact-form-field-wie-viele-karten-moechten-sie-fuer-bis-ans-ende-der-welt-am-22-01-2017-im-lindenkeller-freising-reservieren-1-description\"\n\t\t\t\t\t\t>\n\t\t\t\t\t\t\tReservierte Karten k\u00f6nnen bis 30 Minuten vor Veranstaltungsbeginn an der Abendkasse abgeholt werden. Danach verf\u00e4llt die Reservierung. Der Kartenpreis entspricht dem Abendkassenpreis.\t\t\t\t\t\t<\/div>\n\t\t\t\t\t\t\t\t\t\t<\/div>\n\t\t\t\t\t\t\t<\/div>\n\t\t\t\n\t\t\n\t\t<div class=\"sow-submit-wrapper \n\t\tsow-submit-styled\t\t\">\n\n\t\t\t<button\n\t\t\t\ttype=\"submit\"\n\t\t\t\tclass=\"sow-submit\n\t\t\t\t\t\t\t\t\"\n\t\t\t\t\t\t\t>\n\t\t\t\tKarten reservieren\t\t\t<\/button>\n\t\t<\/div>\n\t\t\t\t<input\n\t\t\ttype=\"hidden\"\n\t\t\tname=\"instance_hash-1\"\n\t\t\tvalue=\"0d1991f8\"\n\t\t\/>\n\n\t\t<input type=\"hidden\" id=\"_wpnonce\" name=\"_wpnonce\" value=\"58d95ac6c3\" \/><input type=\"hidden\" name=\"_wp_http_referer\" value=\"\/blog\/wp-json\/wp\/v2\/pages\/4360\" \/>\t<\/form>\n\t<\/div><\/div><\/div><\/div><\/div>","protected":false},"excerpt":{"rendered":"<p>PREISE\u00a0VVK: \u20ac 11,-\u00a0\/\u00a0\u20ac 9,- erm\u00e4\u00dfigt Abendkasse: \u20ac 12,-\u00a0\/ \u20ac 10,- erm\u00e4\u00dfigtErm\u00e4\u00dfigung erhalten Sch\u00fcler, Studenten und Schwerbehinderte ab 80%. (Ohne Umsatzsteuer gem\u00e4\u00df \u00a7 19 (1) UStG)\u00a0VORVERKAUFSSTELLEN\u00a0Touristinfo Freising Marienplatz 7 85354 Freising Tel: 08161 \/ 54-44-333\u00a0TICKETS ONLINEwww.tickets.vibus.dewww.okticket.de ABENDKASSE Restkarten k\u00f6nnen an der &hellip; <a href=\"https:\/\/www.abseitsreisen.de\/blog\/bis-ans-ende-der-welt-22-januar-2017-in-freising\/\">Weiterlesen<\/a><\/p>\n","protected":false},"author":2,"featured_media":0,"parent":0,"menu_order":0,"comment_status":"closed","ping_status":"closed","template":"","meta":{"kt_blocks_editor_width":"","_metis_text_type":"standard","_metis_text_length":1253,"_post_count":0,"footnotes":""},"class_list":["post-4360","page","type-page","status-publish","hentry"],"aioseo_notices":[],"_links":{"self":[{"href":"https:\/\/www.abseitsreisen.de\/blog\/wp-json\/wp\/v2\/pages\/4360","targetHints":{"allow":["GET"]}}],"collection":[{"href":"https:\/\/www.abseitsreisen.de\/blog\/wp-json\/wp\/v2\/pages"}],"about":[{"href":"https:\/\/www.abseitsreisen.de\/blog\/wp-json\/wp\/v2\/types\/page"}],"author":[{"embeddable":true,"href":"https:\/\/www.abseitsreisen.de\/blog\/wp-json\/wp\/v2\/users\/2"}],"replies":[{"embeddable":true,"href":"https:\/\/www.abseitsreisen.de\/blog\/wp-json\/wp\/v2\/comments?post=4360"}],"version-history":[{"count":33,"href":"https:\/\/www.abseitsreisen.de\/blog\/wp-json\/wp\/v2\/pages\/4360\/revisions"}],"predecessor-version":[{"id":8839,"href":"https:\/\/www.abseitsreisen.de\/blog\/wp-json\/wp\/v2\/pages\/4360\/revisions\/8839"}],"wp:attachment":[{"href":"https:\/\/www.abseitsreisen.de\/blog\/wp-json\/wp\/v2\/media?parent=4360"}],"curies":[{"name":"wp","href":"https:\/\/api.w.org\/{rel}","templated":true}]}}