{"id":476,"date":"2010-07-01T18:59:31","date_gmt":"2010-07-01T16:59:31","guid":{"rendered":"http:\/\/www.abseitsreisen.de\/blog\/?page_id=476"},"modified":"2023-11-20T17:58:09","modified_gmt":"2023-11-20T16:58:09","slug":"turkei","status":"publish","type":"page","link":"https:\/\/www.abseitsreisen.de\/blog\/lander-informationen\/turkei\/","title":{"rendered":"T\u00fcrkei"},"content":{"rendered":"<p style=\"text-align: justify;\">!!! UPDATE <strong>M\u00e4rz 2017<\/strong> mit herzlichem Dank an <a href=\"http:\/\/www.akela.world\/home\/\">AKELA &#8211; From Alp to Alp <\/a>!!! Die aktualisierten Informationen stehen unten !!!<\/p>\n<p style=\"text-align: justify;\"><strong>Stand der Informationen<\/strong><br \/>\nJanuar 2010<\/p>\n<p style=\"text-align: justify;\"><strong>Visa<\/strong><br \/>\nF\u00fcr den Aufenthalt von 90 Tagen ist f\u00fcr deutsche Staatsb\u00fcrger kein Visum notwendig. Es gen\u00fcgt der Personalausweis.<\/p>\n<p style=\"text-align: justify;\"><strong>Einreisebestimmungen<\/strong><br \/>\nReist man mit dem eigenen Fahrzeug ein, ben\u00f6tigt der Fahrzeughalter einen Reisepass zur Einreise, da das Fahrzeug in den Pass eingetragen wird. Das Fahrzeug darf solange im Land verbleiben, wie der Einreisestempel besagt. Es ist folglich darauf zu achten, dass dieser mit der gew\u00fcnschten Aufenthaltsdauer \u00fcbereinstimmt. Eine g\u00fcltige Versicherung f\u00fcr das Fahrzeug muss nachgewiesen werden.<\/p>\n<p style=\"text-align: justify;\"><strong>Grenzabwicklung<\/strong><br \/>\nUnsere Einreise aus Griechenland war unkompliziert und dauerte ca. 45 Minuten. Keine Fahrzeugkontrolle.<\/p>\n<p style=\"text-align: justify;\"><strong>Stellpl\u00e4tze<\/strong><br \/>\nNeben Campingpl\u00e4tzen lassen sich leicht \u201ewilde\u201c Stellpl\u00e4tze finden.<\/p>\n<p style=\"text-align: justify;\"><strong>Kraftstoff<\/strong><br \/>\nDie Dieselversorgung ist fl\u00e4chendeckend problemlos, allerdings recht teuer. 1 Liter Diesel kostete ca. 1,50 \u20ac.<\/p>\n<p style=\"text-align: justify;\"><strong>Kommunikation<\/strong><br \/>\nMit Telefonkarten kann von \u00f6ffentlichen Telefonzellen zum Teil sehr g\u00fcnstig nach Deutschland telefoniert werden. Das variiert jedoch sehr stark von Anbieter zu Anbieter.<br \/>\nSich eine t\u00fcrkische Prepaidkarte f\u00fcr das Handy zu besorgen war dagegen recht aufwendig und dauerte ca. 2 Wochen bis zur Freischaltung.<\/p>\n<p style=\"text-align: justify;\"><strong>Stra\u00dfen<\/strong><br \/>\nGr\u00f6\u00dftenteils guter Stra\u00dfenzustand.<\/p>\n<p style=\"text-align: justify;\"><strong>Trinkwasser<\/strong><br \/>\nIn der T\u00fcrkei gibt es eine Vielzahl von Quellen, es ist sehr leicht an gutes Trinkwasser zu kommen.<\/p>\n<p style=\"text-align: justify;\"><strong>Geld<\/strong><br \/>\nIn einigen Gro\u00dfst\u00e4dten gibt es Automaten, an denen neben der Landesw\u00e4hrung auch Euro oder Dollar abgehoben werden k\u00f6nnen.<\/p>\n<blockquote>\n<p style=\"text-align: justify;\">Helfen euch die Informationen auf unserer Webseite beim Reisen oder der Vorbereitung dazu weiter? Freut uns. Auch ihr k\u00f6nnt unser Reiseprojekt unterst\u00fctzen, einfach und kostenlos.<\/p>\n<p style=\"text-align: justify;\">Wenn ihr das n\u00e4chste Mal bei Amazon bestellt, nutzt daf\u00fcr den\u00a0<a href=\"http:\/\/www.amazon.de\/?_encoding=UTF8&amp;site-redirect=de&amp;tag=wwwabseitsrei-21&amp;linkCode=ur2&amp;camp=1638&amp;creative=6742\" target=\"_blank\" rel=\"noopener\">Amazon-Link<\/a>\u00a0bei abseitsreisen.de bevor ihr etwas in den Warenkorb legt. Amazon verg\u00fctet uns dadurch ein kleine Linkpr\u00e4mie. Der Preis f\u00fcr euch als Kunden bleibt dadurch nat\u00fcrlich unber\u00fchrt.<\/p>\n<p style=\"text-align: justify;\">Noch besser: Zieht euch diesen\u00a0<a href=\"http:\/\/www.amazon.de\/?_encoding=UTF8&amp;site-redirect=de&amp;tag=wwwabseitsrei-21&amp;linkCode=ur2&amp;camp=1638&amp;creative=6742\" target=\"_blank\" rel=\"noopener\">Amazon-Link<\/a>\u00a0per Drag-and-Drop in die Lesezeichen eures Browsers und klickt euch so f\u00fcr die n\u00e4chsten Bestellungen zu Amazon. Damit unterst\u00fctzt ihr kostenlos diese Webseite bei jedem Einkauf. Dankesch\u00f6n.<\/p>\n<\/blockquote>\n<h4 style=\"text-align: justify;\">Aktualisierte INFORMATIONEN von <a href=\"http:\/\/www.akela.world\/home\/\">AKELA &#8211; from Alp to Alp<\/a><\/h4>\n<p style=\"text-align: justify;\"><strong>Stand der Informationen<\/strong><br \/>\nM\u00e4rz 2017<\/p>\n<div class=\"\"><strong>Visa<\/strong><\/div>\n<div class=\"\">F\u00fcr \u00d6sterreicher ist ein Visa Pflicht. Kann man online unter: <a class=\"\" href=\"http:\/\/www.evisa.gov.tr\/\"><span class=\"\">www.evisa.gov.tr<\/span><\/a>\u00a0 f\u00fcr 20$ kaufen.<\/div>\n<div class=\"\">Ab Beantragung 180 Tage g\u00fcltig mit einer Aufenthaltsgenehmigung von 90 Tagen.<\/div>\n<div class=\"\"><\/div>\n<div class=\"\"><strong>Diesel<\/strong><\/div>\n<div class=\"\">Diesel nach wie vor \u00fcberall zu bekommen. Momentane Preise liegen zwischen knapp unter 1 Euro &#8211; 1,20 Euro<\/div>\n<div class=\"\"><\/div>\n<div class=\"\"><strong>Kommunikation<\/strong><\/div>\n<div class=\"\">Simkarten von Turkcell oder Vodafone sind super easy zu bekommen. Simkarte rein und l\u00e4uft. Da wir schon in Griechenland Vodafone genutzt haben (WIND hat nicht funktioniert?), haben wir auch in der T\u00fcrkei Vodafone genutzt. Kostenpunkt ca. 40TL\u00a0 f\u00fcr 4GB<\/div>\n<div class=\"\"><\/div>\n<div class=\"\">\n<div class=\"\"><strong>Nahverkehr in Istanbul<\/strong><\/div>\n<div class=\"\">Istanbul Card: &#8211; f\u00fcr alle \u00f6ffentlichen Verkehrsmittel in Istanbul<\/div>\n<div class=\"\">Die Istanbul Card bekommt man f\u00fcr 10TL (inkl. 4TL Guthaben) an Automaten f\u00fcr die Istanbul Card (in jeder U-Bahn oder an Haltestellen)<\/div>\n<div class=\"\">Kosten Einzelfahrt U-Bahn: 4TL , mit der Istanbul Card 2,3TL<\/div>\n<\/div>\n<div class=\"\"><\/div>\n<div class=\"\"><strong>Visa f\u00fcr Iran<\/strong><\/div>\n<div class=\"\">Um in der T\u00fcrkei an ein Iran Visa zu kommen, ben\u00f6tigt man eine Agency (Reiseb\u00fcro) der Gruppe A, welche die Berechtigung haben, eine Einladung auszustellen. Diese wird vom Tourismusministerium gepr\u00fcft und im Besten Fall genehmigt. Sollte kein Problem sein.<\/div>\n<div class=\"\">Bei einem positiven Beschluss erteilt die Beh\u00f6rde eine Referenznummer, die an die Botschaft weitergeleitet wird.<\/div>\n<div class=\"\">Laut Auskunft der iranischen Botschaft in \u00d6sterreich, sind die Agenturen berechtigt, die Referenznummer an den Kunden weiterzugeben. Wir haben laut Auskunft der Agentur die Nummer nicht bekommen, da sie nicht weitergeleitet werden darf. Was nun stimmt steht in den Sternen.<\/div>\n<div class=\"\">Sobald die Nummer auf der Botschaft aufscheint, kann das Visa ausgestellt werden.<\/div>\n<div class=\"\">Dauer:<\/div>\n<div class=\"\">Die Agentur hat uns versichert, dass wir in einem Tag das Einladungsschreiben mit der Nummer bekommen. Gedauert hat es schlussendlich 9,5 Tage und wir bekamen keine Nummer &#8211; nur ein Mail mit einer Visa Grant Notice nach 5,5 Tagen. Kostenpunkt 30$ pro Person f\u00fcr die Einladung.<\/div>\n<div class=\"\"><span class=\"\">Kontakt Agentur: <a class=\"\" href=\"mailto:reservation@ulubeytravel.com\">reservation@ulubeytravel.com<\/a><\/span><\/div>\n<div class=\"\">Ansprechpartner Englisch (halbwegs zumindest): Aydan Geygel oder Ebrim<\/div>\n<div class=\"\"><\/div>\n<div class=\"\">Mit der Visa Grant Notice sind wir die restlichen 4 Tage jeden Tag in der iranischen Botschaft in Ankara gewesen, wo nichts aufschien. Erst nach 9,5 Tagen war alles bereit f\u00fcr das Visa.<\/div>\n<div class=\"\">Zur Visaabholung braucht man:<\/div>\n<ul class=\"\">\n<li class=\"\">ausgef\u00fclltes Visa Antragsformular (erh\u00e4ltlich auf der Botschaft)<\/li>\n<li class=\"\">mind. 6 Monate g\u00fcltiger Reisepass<\/li>\n<li class=\"\">Farbkopie vom Reisepass<\/li>\n<li class=\"\">Passfoto<\/li>\n<li class=\"\">Fingerabdruck<\/li>\n<\/ul>\n<div class=\"\"><\/div>\n<div class=\"\">Ausstellungsdauer des Visa auf der Botschaft:<\/div>\n<div class=\"\">Normal: 3-4 Werktage Kosten: 50Euro pP.<\/div>\n<div class=\"\">Express: am selben Tag Kosten: 75Euro pP.<\/div>\n<div class=\"\">Wir haben das Expressvisa genommen, da wir nicht nochmal 3-4 Tage warten wollten.<\/div>\n","protected":false},"excerpt":{"rendered":"<p>!!! UPDATE M\u00e4rz 2017 mit herzlichem Dank an AKELA &#8211; From Alp to Alp !!! Die aktualisierten Informationen stehen unten !!! Stand der Informationen Januar 2010 Visa F\u00fcr den Aufenthalt von 90 Tagen ist f\u00fcr deutsche Staatsb\u00fcrger kein Visum notwendig. &hellip; <a href=\"https:\/\/www.abseitsreisen.de\/blog\/lander-informationen\/turkei\/\">Weiterlesen<\/a><\/p>\n","protected":false},"author":1,"featured_media":0,"parent":473,"menu_order":1,"comment_status":"closed","ping_status":"closed","template":"","meta":{"kt_blocks_editor_width":"","_metis_text_type":"standard","_metis_text_length":1289,"_post_count":0,"footnotes":""},"class_list":["post-476","page","type-page","status-publish","hentry"],"aioseo_notices":[],"public_identification_id":"c6a2c4b568a846cbb20de87e7aa97502","private_identification_id":"976923e91637470782dae85942af2f86","_links":{"self":[{"href":"https:\/\/www.abseitsreisen.de\/blog\/wp-json\/wp\/v2\/pages\/476","targetHints":{"allow":["GET"]}}],"collection":[{"href":"https:\/\/www.abseitsreisen.de\/blog\/wp-json\/wp\/v2\/pages"}],"about":[{"href":"https:\/\/www.abseitsreisen.de\/blog\/wp-json\/wp\/v2\/types\/page"}],"author":[{"embeddable":true,"href":"https:\/\/www.abseitsreisen.de\/blog\/wp-json\/wp\/v2\/users\/1"}],"replies":[{"embeddable":true,"href":"https:\/\/www.abseitsreisen.de\/blog\/wp-json\/wp\/v2\/comments?post=476"}],"version-history":[{"count":13,"href":"https:\/\/www.abseitsreisen.de\/blog\/wp-json\/wp\/v2\/pages\/476\/revisions"}],"predecessor-version":[{"id":9264,"href":"https:\/\/www.abseitsreisen.de\/blog\/wp-json\/wp\/v2\/pages\/476\/revisions\/9264"}],"up":[{"embeddable":true,"href":"https:\/\/www.abseitsreisen.de\/blog\/wp-json\/wp\/v2\/pages\/473"}],"wp:attachment":[{"href":"https:\/\/www.abseitsreisen.de\/blog\/wp-json\/wp\/v2\/media?parent=476"}],"curies":[{"name":"wp","href":"https:\/\/api.w.org\/{rel}","templated":true}]}}