{"id":485,"date":"2010-07-01T19:17:01","date_gmt":"2010-07-01T17:17:01","guid":{"rendered":"http:\/\/www.abseitsreisen.de\/blog\/?page_id=485"},"modified":"2023-11-20T17:58:15","modified_gmt":"2023-11-20T16:58:15","slug":"iran","status":"publish","type":"page","link":"https:\/\/www.abseitsreisen.de\/blog\/lander-informationen\/iran\/","title":{"rendered":"Iran"},"content":{"rendered":"<p style=\"text-align: justify;\">!!! UPDATE April 2017 mit herzlichem Dank an <a href=\"http:\/\/www.akela.world\/home\/\">AKELA &#8211; From Alp to Alp <\/a>!!! Die aktualisierten Informationen stehen unten !!!<\/p>\n<p style=\"text-align: justify;\"><strong>Stand der Informationen<\/strong><br \/>\nM\u00e4rz 2010<\/p>\n<p style=\"text-align: justify;\"><strong>Visa<\/strong><br \/>\nF\u00fcr den Iran ben\u00f6tigt man ein Visum. In der Regel erh\u00e4lt man ein Touristenvisum f\u00fcr 30 Tage Aufenthalt. Es hat eine G\u00fcltigkeit von 3 Monaten, innerhalb diesen Zeitraumes muss eingereist werden. Das Visum kann im Land in jeder gr\u00f6\u00dferen Stadt mehrfach um zwei Wochen verl\u00e4ngert werden. Wir baten bei der iranischen Botschaft in M\u00fcnchen um die Ausstellung eines Visum f\u00fcr 60 Tage Aufenthalt und bekamen dieses ohne Probleme und ohne Aufpreis. Die Kosten beliefen sich auf 60\u20ac pro Person. Das Visum kann auch in der T\u00fcrkei beantragt werden, wir haben diesbez\u00fcglich jedoch keine Erfahrungen.<\/p>\n<p style=\"text-align: justify;\"><strong>Einreisebestimmungen<\/strong><br \/>\nF\u00fcr die Einfuhr eines Fahrzeugs ist ein Carnet de Passage notwendig, welches entweder beim heimischen ADAC oder an der iranischen Grenze erworben werden kann. Daf\u00fcr ist je nach Wert des Autos eine B\u00fcrgschaft zu hinterlegen. Die Einreise mit Carnet de Passage ist erheblich vorzuziehen.<\/p>\n<p style=\"text-align: justify;\"><em>&gt; Update 2014: Die Bestimmungen zu den sogenannten &#8218;Dieselkarten&#8216; haben sich laut anderen Reisenden mittlerweile ge\u00e4ndert. Diesel ist nun offiziell auch ohne Dieselkarten erh\u00e4ltlich zu einem Preis um 14 Eurocent pro Liter. Zwischen der t\u00fcrkischen Grenze und Tabris scheint man als Ausl\u00e4nder offiziell keinen Diesel bekommen zu k\u00f6nnen.<\/em><\/p>\n<p style=\"text-align: justify;\">Ende 2009 mussten an der Grenze je nach geplanter Fahrstrecke Dieselbezugskarten erworben werden, da der Diesel f\u00fcr einheimische Fahrzeuge verg\u00fcnstigt verkauft wird. Statt den 1,4 Cent \/ Liter zahlt man somit etwa 50 Cent \/ Liter. Wir zahlten f\u00fcr unser Fahrzeug und der Strecke Grenze T\u00fcrkei &#8211; Tabris \u2013 Teheran \u2013 Mashhad \u2013 Grenze Turkmenistan 246 \u20ac. Leider versuchen hier einige selbsternannte Helfer unwissenden Touristen ein Vielfaches abzukn\u00fcpfen und auch wir erhielten keine Tankkarten f\u00fcr 600l, wie es wohl eigentlich sein sollte, sondern lediglich f\u00fcr 300l. Dies ist jedoch kein Problem, denn im Land finden sich viele hilfsbereite Lkw-Fahrer, die einen auf ihre Karte und damit f\u00fcr den billigen Preis tanken lassen. Es macht demnach keinen Sinn, die tats\u00e4chlich ben\u00f6tigte Anzahl an Litern an der Grenze zu kaufen, wenn man nicht dazu gen\u00f6tigt wird.<\/p>\n<p style=\"text-align: justify;\"><strong>Grenzabwicklung<\/strong><br \/>\nDie Grenzabwicklung bei der Einreise in &#8218;Bazargan&#8216; war vor allem wegen jenen Dieselkarten nervenaufreibend und zeitaufwendig. Wir ben\u00f6tigten drei Stunden, andere Reisende mussten teilweise \u00fcber zwei Tage hinweg diskutieren.<\/p>\n<p style=\"text-align: justify;\"><em>&gt; Update 2013: Mittlerweile soll auch der Grenz\u00fcbergang bei &#8218;Esendre&#8216;, etwas weiter im S\u00fcden auf der D400 von der T\u00fcrkei kommend, f\u00fcr ausl\u00e4ndischen Verkehr ge\u00f6ffnet sein.\u00a0 Nach Berichten anderer Reisender ist der Grenz\u00fcbertritt dort wesentlich einfacher als in Bazargan.<\/em><\/p>\n<p style=\"text-align: justify;\"><em>&gt; Update 2014: Danke an Hans, der und seine Erfahrungen geschildert hat. Er empfielt die Einreise \u00fcber Armenien: &#8222;Traumhafte Strecke durch Georgien, leichte Einreise nach Armenien (allerdings 60 $ f\u00fcr die Registrierung des Fahrzeugs beim Zoll f\u00fcr Ein- und Ausreise + 6 $ Kfz-Versicherung) und entlang des Sewansees s\u00fcdlich \u00fcber Gori nach Meghri.&#8220; Unkomplitzerte freundliche Abwicklung. Sicher eine gute Alternative zum Grenz\u00fcbergang bei Bazargan.<\/em><\/p>\n<p style=\"text-align: justify;\"><em>&gt; Update 2015: Stefan berichtet, dass die Abwicklung nun auch in Bazargan einfacher verlaufen soll. <a href=\"http:\/\/www.draudi.de\/laenderinformationen-bald\/iran\/\" target=\"_blank\" rel=\"noopener\">Hier der Bericht auf seinem Blog<\/a>.<\/em><\/p>\n<p style=\"text-align: justify;\"><strong>Stellpl\u00e4tze<\/strong><br \/>\nDa viele Iraner in ihrer Freizeit am liebsten picknicken, gibt es \u00fcber das gesamte Land verstreut eine Vielzahl von Picknickpl\u00e4tzen, die sich meist auch als Stellplatz eignen. Innerhalb von St\u00e4dten bieten Parkanlagen gute Stehm\u00f6glichkeiten, meist ausgestattet mit Toiletten und Trinkwasser werden sie nachts beleuchtet oder sogar bewacht. \u00dcberland steht man sicher in der N\u00e4he von Moscheen, welche meist auch Wasser und Toiletten bereit stellen.<\/p>\n<p style=\"margin-bottom: 0cm; text-align: justify;\">Mit den eigenen Fahrzeug sucht man sich nat\u00fcrlich am liebsten selbst seinen eigenen Stellplatz. Wir waren aber vor allem in Gro\u00dfst\u00e4dten ohne offizielle Campingpl\u00e4tze froh \u00fcber die ein oder andere Information, wo man problemlos und bequem stehen kann. Es hat uns oft ein stundenlanges Suchen im chaotischen Innenstadtverkehr erspart. Die folgenden Pl\u00e4tze im Iran empfanden wir als empfehlenswert.<\/p>\n<p style=\"text-align: justify;\"><strong>Orumiyeh:<\/strong> N37\u00b031`58,9\u201c, E045\u00b003`58,9\u201c Saheli Park;<\/p>\n<p style=\"text-align: justify;\"><strong>Tabris:<\/strong> N38\u00b001`31.0\u201c, E046\u00b022`11,0\u201c El Goli Park, 25 Min. Taxifahrt ins Zentrum (ca. 2 $);<\/p>\n<p style=\"text-align: justify;\"><strong>Dizin:<\/strong> N36\u00b003`02,4\u201c, E051\u00b025`04,8\u201cdirekt an der Talstation im Skigebiet;<\/p>\n<p style=\"text-align: justify;\"><strong>Teheran:<\/strong> N35\u00b045`18,1\u201c, E051\u00b025`28,0\u201d Taleghani Park, direkte U-Bahn Anbindung ins Zentrum;<\/p>\n<p style=\"text-align: justify;\"><strong>Esfahan:<\/strong> N32\u00b043`46,4\u201c, E051\u00b034`57,8\u201c, im Schrauberviertel Amir Kabir, Mercedes Werkstatthof, 6 $ \/ Nacht, WC und Dusche inklusive, Wasser, Strom und Internet extra, infos unter www.esfahan-parking.com, 20 Min Taxifahrt zum Zentrum (ca. 3,5$). Kleinere Wohnmobile k\u00f6nnen in Esfahan auf dem Parkplatz vor dem Palast &#8218;Hasht Behesht&#8216; stehen;<\/p>\n<p style=\"text-align: justify;\"><em>&gt; Update 2014: Den beschriebenen Stellplatz in der Mercedes-Werkst\u00e4tte in Esfahan gibt es offenbar nicht mehr.<\/em><\/p>\n<p style=\"text-align: justify;\"><strong>Yazd<\/strong>: N31\u00b053`51,2\u201d, E054\u00b022`35,9\u201d Ruhiger Park, 5 Minuten zu Fuss ins Zentrum, WC; Alternativ an der Stra\u00dfe vorm &#8218;Silk Road Hotel&#8216;<\/p>\n<p style=\"text-align: justify;\"><strong>Persepolis<\/strong>: N29\u00b056`05,3\u201c E052\u00b053`23,7\u201c Direkt vor dem Eingang, WC\/ Dusche vorhanden, 3 $ \/ Nacht;<\/p>\n<p style=\"text-align: justify;\"><strong>Shiraz: <\/strong>N29\u00b037`47,9\u201d, E052\u00b032`31,6\u00b0 Azadi Park, Parkplatz, nach Verhandlungen 2$;<\/p>\n<p style=\"text-align: justify;\"><strong>Kerman<\/strong>: N30\u00b017`07,2\u201c, E057\u00b002`49,3\u201c Hotel Akhavan, 2 Personen mit Dusche \/ 5 $ pro Nacht, Wasser und Strom inklusive, Internet extra, 10 Min. Taxi-Fahrt ins Zentrum;<\/p>\n<p style=\"text-align: justify;\"><strong>Tabas<\/strong>: N33\u00b036`05,1\u201c, E056\u00b056`44,3\u201c Barq-e Golshan;<\/p>\n<p style=\"text-align: justify;\"><strong>Mashhad:<\/strong> N36\u00b013`38,9\u201c, E059\u00b037`11,6\u201c Park, etwas au\u00dferhalb;<\/p>\n<p style=\"text-align: justify;\"><strong>Kraftstoff<\/strong><\/p>\n<p style=\"text-align: justify;\">Diesel war \u00fcberall leicht zu bekommen. Hatten wir kein Guthaben auf der eigenen Tankkarte, dauerte es manchmal ein paar Minuten, bis sich ein Lkw-Fahrer fand, der freundlicherweise seine Tankkarte zur Verf\u00fcgung stellte. Der Dieselpreis betrug 1,4 Cent \/ Liter, rechnet man die an der Grenze bezahlte \u201eDieselsteuer\u201c nicht mit.<\/p>\n<p style=\"text-align: justify;\"><em>&gt;Update 2014: Mittlerweile gibt es nach Berichten anderer Reisender Diesel f\u00fcr Ausl\u00e4nder offiziell f\u00fcr etwa 14 Eurocent pro Liter ohne Tankkarte.<\/em><\/p>\n<p style=\"text-align: justify;\"><strong>Kommunikation<\/strong><br \/>\nF\u00fcr eine Geb\u00fchr von ca. 15.-\u20ac k\u00f6nnen Prepaidkarten f\u00fcr das Handy erworben werden. Von Deutschland aus kann man so mit Billigvorwahlen f\u00fcr wenige Cent \/ Minute angerufen werden und auch ein Telefonat nach Deutschland kostet nur ca. 20 Cent \/ Minute. Handynetz war fl\u00e4chendeckend vorhanden.<\/p>\n<p style=\"text-align: justify;\"><strong>Stra\u00dfen<\/strong><br \/>\nDer Stra\u00dfenzustand ist ausgezeichnet.<\/p>\n<blockquote>\n<p style=\"text-align: justify;\">Helfen euch die Informationen auf unserer Webseite beim Reisen oder der Vorbereitung dazu weiter? Freut uns. Auch ihr k\u00f6nnt unser Reiseprojekt unterst\u00fctzen, einfach und kostenlos.<\/p>\n<p style=\"text-align: justify;\">Wenn ihr das n\u00e4chste Mal bei Amazon bestellt, nutzt daf\u00fcr den\u00a0<a href=\"http:\/\/www.amazon.de\/?_encoding=UTF8&amp;site-redirect=de&amp;tag=wwwabseitsrei-21&amp;linkCode=ur2&amp;camp=1638&amp;creative=6742\" target=\"_blank\" rel=\"noopener\">Amazon-Link<\/a>\u00a0bei abseitsreisen.de bevor ihr etwas in den Warenkorb legt. Amazon verg\u00fctet uns dadurch ein kleine Linkpr\u00e4mie. Der Preis f\u00fcr euch als Kunden bleibt dadurch nat\u00fcrlich unber\u00fchrt.<\/p>\n<p style=\"text-align: justify;\">Noch besser: Zieht euch diesen\u00a0<a href=\"http:\/\/www.amazon.de\/?_encoding=UTF8&amp;site-redirect=de&amp;tag=wwwabseitsrei-21&amp;linkCode=ur2&amp;camp=1638&amp;creative=6742\" target=\"_blank\" rel=\"noopener\">Amazon-Link<\/a>\u00a0per Drag-and-Drop in die Lesezeichen eures Browsers und klickt euch so f\u00fcr die n\u00e4chsten Bestellungen zu Amazon. Damit unterst\u00fctzt ihr kostenlos diese Webseite bei jedem Einkauf. Dankesch\u00f6n.<\/p>\n<\/blockquote>\n<p style=\"text-align: justify;\"><strong>Trinkwasser<\/strong><br \/>\nQuellen haben wir keine gefunden, daf\u00fcr gibt es \u00fcberall Handwaschbecken, deren Wasser teilweise Trinkqualit\u00e4t besitzt.<\/p>\n<p style=\"text-align: justify;\"><strong>Geld<\/strong><br \/>\nKreditkarten wie VISA, Mastercard oder American Express wurden grunds\u00e4tzlich nicht akzeptiert. Es ist sehr umst\u00e4ndlich an Bargeld zu gelangen. Daher empfiehlt es sich, die ben\u00f6tigte Summe in bar mitzunehmen. Euro und Dollar k\u00f6nnen in allen gr\u00f6\u00dferen St\u00e4dten getauscht werden.<\/p>\n<h4 style=\"text-align: justify;\">Aktualisierte INFORMATIONEN von <a href=\"http:\/\/www.akela.world\/home\/\">AKELA &#8211; from Alp to Alp<\/a><\/h4>\n<p style=\"text-align: justify;\"><strong>Stand der Informationen<\/strong><br \/>\nApril 2017<\/p>\n<div class=\"\"><strong>W\u00e4hrung<\/strong><\/div>\n<div class=\"\">Der Iran ist gerade in einer Umstellungsphase von Rial auf Toman, der Ende des Jahres die neue W\u00e4hrung sein sollte. Preise werden fast \u00fcberall in Toman angegeben.<\/div>\n<div class=\"\">100 Toman = 1000 Rial<\/div>\n<div class=\"\"><\/div>\n<div class=\"\"><strong>Diesel<\/strong><\/div>\n<div class=\"\">Diesel nach wie vor \u00fcberall zu bekommen. Momentane Preise liegen f\u00fcr Touristen bei 6000 Rial &#8211; 0,17 Cent, Normalpreis sind 3000 Rial.<\/div>\n<div class=\"\">Dieselkarten gibt es keine mehr &#8211; nur f\u00fcr Iraner &#8211; und braucht man auch nicht.<\/div>\n<div class=\"\"><\/div>\n<div class=\"\"><strong>Kommunikation<\/strong><\/div>\n<div class=\"\">Simkarten gibt es von Irancell. 5GB kosten ca. 400000 Rial &#8211; umgerechnet ca.12 Euro. Es gibt verschiedene Packages, die allerdings f\u00fcr uns schwierig zu durchschauen waren. Wir haben 10GB gekauft. 5GB waren untertags zu nutzen, die anderen 5GB konnte man nur zwischen 02:00 Uhr &#8211; 08:00 fr\u00fch nutzen. Internetverbindung von schlecht bis ganz gut.<\/div>\n<div class=\"\"><\/div>\n<div class=\"\"><strong>Grenz\u00fcbergang<\/strong><\/div>\n<div class=\"\">Anscheinend kann man von Armenien kommend ohne Einladung problemlos in den Iran einreisen &#8211; k\u00f6nnen wir aber nicht best\u00e4tigen, haben wir nur geh\u00f6rt.<\/div>\n<div class=\"\">Grenz\u00fcbergang Dogubayazit\/Bazargan:<\/div>\n<div class=\"\">Ausreise T\u00fcrkei dauerte nicht mal eine halbe Stunde und verlief komplett problemlos.<\/div>\n<div class=\"\">Einreise in den Iran dauerte etwas, da wir ein paar Busse vor uns hatten, die gr\u00fcndlich gepr\u00fcft wurden. Bei uns wurde nur kurz in den LKW reingeschaut und alles verlief ziemlich reibungslos. Die Beamten an der Grenze sprechen zum Teil gut Englisch und waren nett und hilfsbereit.<\/div>\n<div class=\"\">Schleuser gibt es nach wie vor. Diese sind eigentlich nur Geldwechsler (mit einem ziemlich schlechten Kurs!) oder bieten \u00fcberteuerte Versicherungen an. Wir haben unseren Schleuser eigentlich nur ignoriert und mussten alleine von Pontius zu Pilatus laufen, um alle Formalit\u00e4ten zu erledigen. Im Grunde helfen die Schleuser wirklich, sie werden auch von den Beamten geduldet, da es nicht illegal ist. Ob es schneller geht steht in den Sternen. Unserer, der uns die ganze Zeit nachlief, war am Schluss ziemlich genervt von uns, da er keinen Cent bekommen hat.<\/div>\n<div class=\"\"><\/div>\n<div class=\"\"><strong>Versicherung<\/strong><\/div>\n<div class=\"\">Seit heuer gibt es anscheinend ein neues Package f\u00fcr Autoversicherungen. Bis dato konnte man nur minimal 2 Monate abschlie\u00dfen, jetzt gibt es auch eine mit 30 Tagen. Wir haben sie zusammen mit Mansur (Bruder von Nasser Khan) abgeschlossen und haben \u20ac65 bezahlt. Anscheinend relativ g\u00fcnstig. Wir haben von anderen geh\u00f6rt, dass sie einerseits auf der Grenze \u20ac150 bezahlt haben, ein anderer mit einem Landcruiser musste \u20ac95 bezahlen.<\/div>\n<div class=\"\"><\/div>\n<div class=\"\"><strong>Stellpl\u00e4tze<\/strong><\/div>\n<div class=\"\">Tabriz:<\/div>\n<div class=\"\">Mozafer Park: N38\u00b003`56.23\u201c, E46\u00b019`54,09\u201c oder 38.06562, 46.331692 (<a class=\"\" href=\"http:\/\/maps.me\"><span class=\"\">maps.me<\/span><\/a>)<\/div>\n<div class=\"\">ca. 3km \u00f6stlich vom Zentrum. Nicht unbedingt der netteste Platz aber auf keinen Fall schlecht und relativ ruhig. Kleine Parkanlage die bewacht wird und kostenlos ist! Man bekommt Wasser zum Tanken und Duschen sind vorhanden &#8211; bei uns nur kaltes Wasser. Anscheinend gibt es Wifi, bei uns wusste keiner Bescheid. Mit dem Taxi kostet es zum Bazar 50000 Rial.<\/div>\n<div class=\"\">Vom El Goli Park kostet es mitllerweile 100000 Rial. Handeln vergeblich. Man kann aber auch mit Privatpersonen mitfahren. Das ist relativ \u00fcblich im Iran. Die halten einfach an und sind g\u00fcnstiger als Taxis &#8211; mit Verhandlungsgeschick.<\/div>\n<div class=\"\">Ich habe noch einige Koordinaten von Werkst\u00e4tten, Ersatzteileh\u00e4ndler in Tabriz und Yazd &#8211; einfach mal auf Anfrage<\/div>\n<div class=\"\">U-Bahn ist zum Teil aktiv aber noch immer nicht komplett fertiggestellt.<\/div>\n<div class=\"\"><\/div>\n<div class=\"\">Kaschan:<\/div>\n<div class=\"\">Fingarden Park: N33\u00b056`50.04\u201c, E51\u00b022`19.02\u201c oder 33.947234, 51.371951 (<a class=\"\" href=\"http:\/\/maps.me\"><span class=\"\">maps.me<\/span><\/a>)<\/div>\n<div class=\"\">Sp\u00e4t angekommen und fr\u00fch gefahren. Zum \u00dcbernachten ideal, sonst k\u00f6nnen wir nicht viel dazu sagen.<\/div>\n<div class=\"\"><\/div>\n<div class=\"\">Esfahan:<\/div>\n<div class=\"\">Es g\u00e4be zwei nebeneinander liegende Parkm\u00f6glichkeiten im Zentrum, die allerdings von der Einfahrt her zu niedrig f\u00fcr uns waren. Daher standen wir einfach in der Parkzone neben der Stra\u00dfe. War kein Problem.<\/div>\n<div class=\"\">Enghelab Parking: N32\u00b038`48,99\u201c, E51\u00b039`58,78\u201c oder 32.646941, 51.666328 (<a class=\"\" href=\"http:\/\/maps.me\"><span class=\"\">maps.me<\/span><\/a>)<\/div>\n<div class=\"\"><\/div>\n<div class=\"\">Yazd:<\/div>\n<div class=\"\">Parking Clock Tower: N31\u00b053`56,66\u201c, E54\u00b022`20\u201c oder 31.899071, 54.372223 (<a class=\"\" href=\"http:\/\/maps.me\"><span class=\"\">maps.me<\/span><\/a>)<\/div>\n<div class=\"\">Silk Road Hotel war f\u00fcr uns nicht befahrbar wegen der niedrigen Stromleitungen. Aber ca. 400m neben dem Clocktower ist ein kostenloser Parkplatz der mit Mauern umz\u00e4unt ist. Ideal zum \u00dcbernachten und direkt im Zentrum der Altstadt.<\/div>\n<div class=\"\"><strong>Stra\u00dfenzustand<\/strong><\/div>\n<div class=\"\">Wir haben schon \u00f6fters geh\u00f6rt, dass die Stra\u00dfen im Iran ausgezeichnet sind. K\u00f6nnen wir keinesfalls best\u00e4tigen. Stra\u00dfenzustand von miserabel bis ok. Schlagl\u00f6cher und tiefe Spurrinnen sind Standard, teilweise gibt es zwischendurch Strecken die ganz passabel sind.<\/div>\n<div class=\"\"><\/div>\n<div class=\"\"><strong>Maut<\/strong><\/div>\n<div class=\"\">Es gibt Autobahngeb\u00fchren im Iran. Aber wir wissen nicht, was es kostet. Die ersten drei Mautstellen haben uns mit einem &#8211; you are free &#8211; durchgewunken. Im S\u00fcden waren sie nicht mehr so gastfreundlich, aber wir haben uns einfach bl\u00f6d gestellt oder unsere Kreditkarte &#8211; die ja nat\u00fcrlich nicht funktioniert &#8211; hergegeben. Da immer Autos hinter uns waren, wurden wir auch da sehr schnell durchgewunken.<\/div>\n","protected":false},"excerpt":{"rendered":"<p>!!! UPDATE April 2017 mit herzlichem Dank an AKELA &#8211; From Alp to Alp !!! Die aktualisierten Informationen stehen unten !!! Stand der Informationen M\u00e4rz 2010 Visa F\u00fcr den Iran ben\u00f6tigt man ein Visum. In der Regel erh\u00e4lt man ein &hellip; <a href=\"https:\/\/www.abseitsreisen.de\/blog\/lander-informationen\/iran\/\">Weiterlesen<\/a><\/p>\n","protected":false},"author":1,"featured_media":0,"parent":473,"menu_order":2,"comment_status":"closed","ping_status":"closed","template":"","meta":{"kt_blocks_editor_width":"","_metis_text_type":"standard","_metis_text_length":1289,"_post_count":0,"footnotes":""},"class_list":["post-485","page","type-page","status-publish","hentry"],"aioseo_notices":[],"public_identification_id":"1cb455d4d6f1497393649e5cbe9330b8","private_identification_id":"8e06cc3ff87e46348abfc76cfde6e6a1","_links":{"self":[{"href":"https:\/\/www.abseitsreisen.de\/blog\/wp-json\/wp\/v2\/pages\/485","targetHints":{"allow":["GET"]}}],"collection":[{"href":"https:\/\/www.abseitsreisen.de\/blog\/wp-json\/wp\/v2\/pages"}],"about":[{"href":"https:\/\/www.abseitsreisen.de\/blog\/wp-json\/wp\/v2\/types\/page"}],"author":[{"embeddable":true,"href":"https:\/\/www.abseitsreisen.de\/blog\/wp-json\/wp\/v2\/users\/1"}],"replies":[{"embeddable":true,"href":"https:\/\/www.abseitsreisen.de\/blog\/wp-json\/wp\/v2\/comments?post=485"}],"version-history":[{"count":17,"href":"https:\/\/www.abseitsreisen.de\/blog\/wp-json\/wp\/v2\/pages\/485\/revisions"}],"predecessor-version":[{"id":333977,"href":"https:\/\/www.abseitsreisen.de\/blog\/wp-json\/wp\/v2\/pages\/485\/revisions\/333977"}],"up":[{"embeddable":true,"href":"https:\/\/www.abseitsreisen.de\/blog\/wp-json\/wp\/v2\/pages\/473"}],"wp:attachment":[{"href":"https:\/\/www.abseitsreisen.de\/blog\/wp-json\/wp\/v2\/media?parent=485"}],"curies":[{"name":"wp","href":"https:\/\/api.w.org\/{rel}","templated":true}]}}