{"id":575,"date":"2010-08-02T06:45:42","date_gmt":"2010-08-02T04:45:42","guid":{"rendered":"http:\/\/www.abseitsreisen.de\/blog\/?page_id=575"},"modified":"2023-11-20T18:01:36","modified_gmt":"2023-11-20T17:01:36","slug":"kasachstan","status":"publish","type":"page","link":"https:\/\/www.abseitsreisen.de\/blog\/lander-informationen\/kasachstan\/","title":{"rendered":"Kasachstan"},"content":{"rendered":"<p>!!! UPDATE <strong>Juni 2017<\/strong> mit herzlichem Dank an <a href=\"http:\/\/www.akela.world\/home\/\">AKELA &#8211; From Alp to Alp <\/a>!!! Die aktualisierten Informationen stehen unten !!!<\/p>\n<p style=\"text-align: justify;\"><strong>Stand der Informationen<\/strong><br \/>\nJuni 2010<\/p>\n<p style=\"text-align: justify;\"><strong>Visa <\/strong><br \/>\nEin Touristenvisum f\u00fcr 30 Tage bekamen wir bei der kasachischen Botschaft in Tashkent \/ Usbekistan ( N 41\u00b017`49,4\u201c, E069\u00b016`43,0\u201c). Man muss mit einigen Stunden Wartezeit vor der Botschaft rechnen, manche stellen sich bereits um 6 Uhr morgens an.<br \/>\nKosten: 30 $ pro Person.<br \/>\nDauer: Bei uns dauerte es vier Arbeitstage incl. Samstag.<\/p>\n<p style=\"text-align: justify;\"><strong>Einreisebestimmungen <\/strong><br \/>\nEs werden keine zus\u00e4tzlichen Papiere f\u00fcr das Auto ben\u00f6tigt. Es fallen keine Kosten an.<br \/>\nInnerhalb von f\u00fcnf Tagen muss man sich einmalig registrieren lassen, in Almaty kostet dies ca. 5,- \u20ac, an anderen Orten in die Registrierung nach Aussage anderer Reisender kostenlos.<br \/>\n<strong><br \/>\nGrenzabwicklung<\/strong><br \/>\nDas Grenzprozedere an der Grenze bei Bishkek \/ Korday dauerte sieben Stunden, da man eine Unmenge von Stempeln zusammentragen muss. Das Auto selbst wurde nur kurz kontrolliert.<br \/>\nDie Ostgrenze zwischen Kirgistan und Kasachstan war zu Zeit unserer Reise seit M\u00e4rz 2010 geschlossen.<\/p>\n<p style=\"text-align: justify;\"><strong>Stellpl\u00e4tze<\/strong><br \/>\nBei einer Einwohnerdichte von 5,7 Menschen pro Quadratkilometer findet man leicht ein Pl\u00e4tzchen, an dem man ungest\u00f6rt die Nacht verbringen kann. Auch sind die meisten Menschen in Kasachstan nach unserer Erfahrung eher zur\u00fcckhaltend und lassen einen in Ruhe n\u00e4chtigen.<br \/>\nIn Almaty standen wir zehn Tage auf einer Gr\u00fcnfl\u00e4che in der N\u00e4he des \u201eMega Buildings\u201c (N 43\u00b011\u00b454,3\u201c, E 076\u00b053`41,1\u201c), ein Trinkwasserbrunnen befindet sich gleich in der N\u00e4he.<\/p>\n<p style=\"text-align: justify;\"><strong>Kraftstoff<\/strong><br \/>\nDer Dieselpreis betr\u00e4gt ca. 38 Cent, Tankstellen gibt es reichlich. Die Dieselqualit\u00e4t ist gut, die schwarzen Rauchwolken des iranischen \u201eGasoil\u201c geh\u00f6ren nun der Vergangenheit an.<br \/>\n<strong><br \/>\nKommunikation<\/strong><br \/>\nMit kasachischer Handykarte kann man f\u00fcr ca. 30 Cent \/ Minute nach Europa telefonieren. Prepaid-Karten gibt es \u00fcberall und unkompliziert.<\/p>\n<p style=\"text-align: justify;\"><strong>Stra\u00dfen<\/strong><br \/>\nDie Hauptverkehrsstra\u00dfe zwischen Bishkek und Almaty ist sehr gut. N\u00f6rdlich von Almaty werden die Stra\u00dfen stetig schlechter und bestehen teilweise mehr aus Schlagl\u00f6chern als aus Stra\u00dfenbelag, und strapazieren Fahrer und Fahrzeug extrem. Die Stra\u00dfe zwischen den Seen Sasyqkol und Alakol im Osten des Landes besteht nicht mehr durchg\u00e4ngig und endet bei Uyal\u00f6.<br \/>\nF\u00fcr Fahrer und Beifahrer herrscht strenge Gurtpflicht. Die Promillegrenze liegt bei 0,0. Es gibt h\u00e4ufig Geschwindigkeitskontrollen und vor allem in St\u00e4dten werden kleine Verst\u00f6\u00dfe sofort geahndet. An Zebrastreifen muss gehalten werden, wenn sich auch nur ein Fussg\u00e4nger der Stra\u00dfe n\u00e4hert. Wir empfehlen, sich peinlichst genau an die Verkehrsregeln zu halten. Die Strafen f\u00fcr kleine Verst\u00f6\u00dfe betragen bereits \u00fcber 100 $, obgleich ein gewisser Verhandlungsspielraum mit den Ordnungsh\u00fctern besteht.<br \/>\n<strong><br \/>\nTrinkwasser<\/strong><br \/>\nVerkehrsschilder mit Wasserh\u00e4hnen weisen alle paar Hundert Kilometer auf eine Wasserstelle hin.<\/p>\n<blockquote>\n<p style=\"text-align: justify;\">Helfen euch die Informationen auf unserer Webseite beim Reisen oder der Vorbereitung dazu weiter? Freut uns. Auch ihr k\u00f6nnt unser Reiseprojekt unterst\u00fctzen, einfach und kostenlos.<\/p>\n<p style=\"text-align: justify;\">Wenn ihr das n\u00e4chste Mal bei Amazon bestellt, nutzt daf\u00fcr den&nbsp;<a href=\"http:\/\/www.amazon.de\/?_encoding=UTF8&amp;site-redirect=de&amp;tag=wwwabseitsrei-21&amp;linkCode=ur2&amp;camp=1638&amp;creative=6742\" target=\"_blank\" rel=\"noopener\">Amazon-Link<\/a>&nbsp;bei abseitsreisen.de bevor ihr etwas in den Warenkorb legt. Amazon verg\u00fctet uns dadurch ein kleine Linkpr\u00e4mie. Der Preis f\u00fcr euch als Kunden bleibt dadurch nat\u00fcrlich unber\u00fchrt.<\/p>\n<p style=\"text-align: justify;\">Noch besser: Zieht euch diesen&nbsp;<a href=\"http:\/\/www.amazon.de\/?_encoding=UTF8&amp;site-redirect=de&amp;tag=wwwabseitsrei-21&amp;linkCode=ur2&amp;camp=1638&amp;creative=6742\" target=\"_blank\" rel=\"noopener\">Amazon-Link<\/a>&nbsp;per Drag-and-Drop in die Lesezeichen eures Browsers und klickt euch so f\u00fcr die n\u00e4chsten Bestellungen zu Amazon. Damit unterst\u00fctzt ihr kostenlos diese Webseite bei jedem Einkauf. Dankesch\u00f6n.<\/p>\n<\/blockquote>\n<p style=\"text-align: justify;\"><strong>Geld<\/strong><br \/>\nIn jedem gr\u00f6\u00dferen Ort gibt es Bankautomaten, an denen mit Visa- oder Mastercard die Landesw\u00e4hrung abgehoben werden kann. Wir bekamen stets einen guten, wenn nicht sogar besseren Kurs als beim Geldwechsel.<\/p>\n<p style=\"text-align: justify;\"><strong>Botschaften<\/strong><br \/>\nChinesische Botschaft in Almaty: N 43\u00b014`31,9, E 076\u00b057`43,1\u201c.<br \/>\nMongolische Botschaft in Almaty: N 43\u00b011`44,6\u201c, E 076\u00b052`02,5\u201c. Die Mongolische Botschaft wird in den n\u00e4chsten Monaten nach Astana verlegt, es verbleibt allerdings ein Konsulat in Almaty. Nicht wundern &#8211; die Landesvertretung liegt tats\u00e4chlich hinter einem Gartenzaun in einem Hinterhof.<br \/>\n<strong><br \/>\nRegistrierung<\/strong><br \/>\nDie Registrierung ist auch f\u00fcr Selbstfahrer obligatorisch und wird bei der Ausreise kontrolliert. F\u00fcr 804 Tenge (ca. 5 \u20ac) konnten wir uns in Almaty registrieren, an anderen Orten in Kasachstan ist die Registrierung nach Aussage anderer Reisender kostenlos. Gibt man den Pass am Morgen ab, kann man ihn, sodenn man es eilig hat und dies auch mitteilt, ihn am Abend des selben Tages wieder abholen. Das Prozedere dauerte zwar einige Zeit, war aber bei weitem nicht so tragisch wie in diversen Reisef\u00fchrern beschrieben.<br \/>\nRegistrationsstelle in Almaty: N 43\u00b015`01,8\u201c, E 076\u00b055`30,6\u201c<\/p>\n<h4><\/h4>\n<h4>Aktualisierte INFORMATIONEN von <a href=\"http:\/\/www.akela.world\/home\/\">AKELA &#8211; from Alp to Alp<\/a><\/h4>\n<p><strong>Stand der Informationen<\/strong><br \/>\nJuni 2017<\/p>\n<div class=\"\"><strong>W\u00e4hrung<\/strong><\/div>\n<div class=\"\">Tenge. 346 Tenge sind umgerechnet ca. 1 Euro<\/div>\n<div class=\"\"><strong>Diesel<\/strong><\/div>\n<div class=\"\">Diesel ist in St\u00e4dte \u00fcberall zu bekommen. Preis 136 Tenge pro Liter = ca. \u20ac 0,4<\/div>\n<div class=\"\"><strong>Kommunikation<\/strong><\/div>\n<div class=\"\">Sim Karten sind in Aqtau in Einkaufszentren erh\u00e4ltlich.<\/div>\n<div class=\"\">Kosten ca. \u20ac 6 f\u00fcr 15GB. Anbieter waren Tele2, Altel oder Beeline.<\/div>\n<div class=\"\">Wir haben uns leider f\u00fcr Tele2 entschieden und hatten au\u00dferhalb der Stadt nie Empfang. Beeline sollte besser sein\u2026<\/div>\n<div class=\"\"><strong>Visa<\/strong><\/div>\n<div class=\"\">Kein Visa notwendig f\u00fcr \u00d6sterreicher<\/div>\n<div class=\"\"><strong>Einreise<\/strong><\/div>\n<div class=\"\">Die Einreise am Hafen in Aqtau war relativ m\u00fchsam und dauerte mehr als 6 Stunden (inkl. Mittagspause) bis alle Formalit\u00e4ten erledigt waren.<\/div>\n<div class=\"\">Kosten an der Grenze:&nbsp;\u20ac 27 Hafengeb\u00fchr, Versicherung f\u00fcr 2 Monate: \u20ac 70.&nbsp; F\u00fcr 15 Tage bzw. 1 Monat w\u00e4ren es \u20ac 50<\/div>\n<div class=\"\"><strong>Stra\u00dfenzustand<\/strong><\/div>\n<div class=\"\">Im Grunde werden bzw. sind die Stra\u00dfen von Aqtau bis zur usbekischen Grenze brandneu bzw. werden gerade neu gemacht und sind in sehr gutem Zustand. Allerdings gibt es zwischendurch immer wieder kurze Passagen, wo die Stra\u00dfen katastrophal sind. Genauso wie die letzten 80 km bis zum Grenz\u00fcbergang bei Bejneu. Durchschnittsgeschwindigkeit 15km\/h.<\/p>\n<div class=\"\"><strong>Ausreise <\/strong><\/div>\n<div class=\"\">Die Ausreise aus Kasachstan verlief problemlos und dauerte ca. 1,5 Stunden.<\/div>\n<\/div>\n","protected":false},"excerpt":{"rendered":"<p>!!! UPDATE Juni 2017 mit herzlichem Dank an AKELA &#8211; From Alp to Alp !!! Die aktualisierten Informationen stehen unten !!! Stand der Informationen Juni 2010 Visa Ein Touristenvisum f\u00fcr 30 Tage bekamen wir bei der kasachischen Botschaft in Tashkent &hellip; <a href=\"https:\/\/www.abseitsreisen.de\/blog\/lander-informationen\/kasachstan\/\">Weiterlesen<\/a><\/p>\n","protected":false},"author":1,"featured_media":0,"parent":473,"menu_order":6,"comment_status":"closed","ping_status":"closed","template":"","meta":{"kt_blocks_editor_width":"","_metis_text_type":"standard","_metis_text_length":1289,"_post_count":0,"footnotes":""},"class_list":["post-575","page","type-page","status-publish","hentry"],"aioseo_notices":[],"public_identification_id":"6d4750cb6776457d9af6d07f0a88b033","private_identification_id":"8e04fe219a4e495baf3152eab9936c4b","_links":{"self":[{"href":"https:\/\/www.abseitsreisen.de\/blog\/wp-json\/wp\/v2\/pages\/575","targetHints":{"allow":["GET"]}}],"collection":[{"href":"https:\/\/www.abseitsreisen.de\/blog\/wp-json\/wp\/v2\/pages"}],"about":[{"href":"https:\/\/www.abseitsreisen.de\/blog\/wp-json\/wp\/v2\/types\/page"}],"author":[{"embeddable":true,"href":"https:\/\/www.abseitsreisen.de\/blog\/wp-json\/wp\/v2\/users\/1"}],"replies":[{"embeddable":true,"href":"https:\/\/www.abseitsreisen.de\/blog\/wp-json\/wp\/v2\/comments?post=575"}],"version-history":[{"count":11,"href":"https:\/\/www.abseitsreisen.de\/blog\/wp-json\/wp\/v2\/pages\/575\/revisions"}],"predecessor-version":[{"id":182362,"href":"https:\/\/www.abseitsreisen.de\/blog\/wp-json\/wp\/v2\/pages\/575\/revisions\/182362"}],"up":[{"embeddable":true,"href":"https:\/\/www.abseitsreisen.de\/blog\/wp-json\/wp\/v2\/pages\/473"}],"wp:attachment":[{"href":"https:\/\/www.abseitsreisen.de\/blog\/wp-json\/wp\/v2\/media?parent=575"}],"curies":[{"name":"wp","href":"https:\/\/api.w.org\/{rel}","templated":true}]}}