{"id":6023,"date":"2015-03-07T19:30:36","date_gmt":"2015-03-07T18:30:36","guid":{"rendered":"http:\/\/www.abseitsreisen.de\/blog\/?page_id=6023"},"modified":"2023-11-20T18:17:49","modified_gmt":"2023-11-20T17:17:49","slug":"botswana","status":"publish","type":"page","link":"https:\/\/www.abseitsreisen.de\/blog\/lander-informationen\/botswana\/","title":{"rendered":"Botswana"},"content":{"rendered":"<p style=\"text-align: justify;\"><strong>Stand der Informationen<\/strong><br \/>\nOktober 2014<\/p>\n<p style=\"text-align: justify;\"><strong>Visa<\/strong><br \/>\nDeutsche Staatsb\u00fcrger d\u00fcrfen sich bis zu 30 Tage visafrei in Botswana aufhalten.<\/p>\n<p style=\"text-align: justify;\"><strong>Einreisebestimmungen<\/strong><br \/>\nBotswana geh\u00f6rt neben S\u00fcdafrika, Swasiland, Lesotho und Namibia zur S\u00fcdafrikanischen Zollunion. Wir haben f\u00fcr die Einfuhr unseres Fahrzeugs ein Carnet de Passage verwendet. Das Fahrzeug darf sich innerhalb der Zollunion bis zu einem Jahr, oder bis zum Ablauf des Carnet de Passage, aufhalten. Danach muss die Zollunion zun\u00e4chst verlassen werden, bevor mit einem neuen Carnet de Passage erneut eingereist werden kann. Wir haben in Tanzania italienische Motorradfahrer getroffen, die die Strecke von S\u00fcdafrika bis Tanzania ohne Carnet de Passage gereist waren, demzufolge kann ein Fahrzeug auch mit TIP (Temporary Import Permit) eingef\u00fchrt werden.<\/p>\n<p style=\"text-align: justify;\"><strong>Grenzabwicklung<\/strong><br \/>\nDie Abfertigung an der Grenze Ngoma von Namibia kommend verlief z\u00fcgig. Die P\u00e4sse wurden gestempelt. Da sich das Fahrzeug bereits innerhalb der Zollunion befindet und das Carnet de Passage eingestempelt ist, bedarf es keiner weiteren Eintragung. Als Stra\u00dfenbenutzungsgeb\u00fchr wurde f\u00fcr unser Fahrzeug 50 Pula (ca. \u20ac 4,50) erhoben. Eine Fahrzeugkontrolle fand nicht statt.<\/p>\n<p style=\"text-align: justify;\">Die Ausreise bei Kazungula nach Simbabwe verlief ebenso z\u00fcgig. Die P\u00e4sse wurden ausgestempelt. Da Simbabwe nicht zur S\u00fcdafrikanischen Zollunion geh\u00f6rt, wurde das Carnet de Passage ausgestempelt. Eine Fahrzeugkontrolle fand nicht statt.<\/p>\n<blockquote>\n<p style=\"text-align: justify;\">Helfen euch die Informationen auf unserer Webseite beim Reisen oder der Vorbereitung dazu weiter? Freut uns. Auch ihr k\u00f6nnt unser Reiseprojekt unterst\u00fctzen, einfach und kostenlos.<\/p>\n<p style=\"text-align: justify;\">Wenn ihr das n\u00e4chste Mal bei Amazon bestellt, nutzt daf\u00fcr den\u00a0<a href=\"http:\/\/www.amazon.de\/?_encoding=UTF8&amp;site-redirect=de&amp;tag=wwwabseitsrei-21&amp;linkCode=ur2&amp;camp=1638&amp;creative=6742\" target=\"_blank\" rel=\"noopener\">Amazon-Link<\/a>\u00a0bei abseitsreisen.de bevor ihr etwas in den Warenkorb legt. Amazon verg\u00fctet uns dadurch ein kleine Linkpr\u00e4mie. Der Preis f\u00fcr euch als Kunden bleibt dadurch nat\u00fcrlich unber\u00fchrt.<\/p>\n<p style=\"text-align: justify;\">Noch besser: Zieht euch diesen\u00a0<a href=\"http:\/\/www.amazon.de\/?_encoding=UTF8&amp;site-redirect=de&amp;tag=wwwabseitsrei-21&amp;linkCode=ur2&amp;camp=1638&amp;creative=6742\" target=\"_blank\" rel=\"noopener\">Amazon-Link<\/a>\u00a0per Drag-and-Drop in die Lesezeichen eures Browsers und klickt euch so f\u00fcr die n\u00e4chsten Bestellungen zu Amazon. Damit unterst\u00fctzt ihr kostenlos diese Webseite bei jedem Einkauf. Dankesch\u00f6n.<\/p>\n<\/blockquote>\n<p style=\"text-align: justify;\"><strong>Kraftstoff<\/strong><br \/>\nDiesel war mit 9.88 Pula (\u20ac 0,89) pro Liter deutlich g\u00fcnstiger als in Sambia (\u20ac 1,25) oder gar Malawi (\u20ac 1,40). Zu Namibia (\u20ac 0,90) war kaum Unterschied.<\/p>\n<p style=\"text-align: justify;\"><strong>Kommunikation<\/strong><br \/>\nDa wir nur wenige Tage in Botswana waren, haben wir uns keine lokale Simkarte besorgt und k\u00f6nnen \u00fcber die Bedingungen und landesweite Netzabdeckung keine Auskunft geben. In Kasane gibt es einige Internetcaf\u00e9s und etliche Lodgen und Campingpl\u00e4tze bieten Wi-Fi an.<\/p>\n<p style=\"text-align: justify;\"><strong>Stra\u00dfen<\/strong><br \/>\nDie Strecke von Ngoma bis Kazungula ist geteert und in gutem Zustand. Auf dem Weg von der Grenze nach Kasane kommt man auf der A33 durch den Chobe Nationalpark. Bleibt man auf der Durchfahrtsstra\u00dfe muss man keinen Eintritt bezahlen. Wir sahen in diesem Abschnitt einige kleinere Elefantenherden die Stra\u00dfe passieren.<\/p>\n<p style=\"text-align: justify;\"><strong>Trinkwasser \/ Versorgungslage<\/strong><br \/>\nIn Kasane gibt es einen gro\u00dfen Supermarkt der Kette &#8218;Spar&#8216;. Die Preise f\u00fcr importierte Waren sind etwas h\u00f6her als in Namibia.<\/p>\n<p style=\"text-align: justify;\"><strong>Geld<\/strong><br \/>\nDie W\u00e4hrung in Botswana ist der Botswanische Pula (BWP). 1 \u20ac entsprach etwa 11 Pula. In Kasane gibt es mehrere Geldautomaten, die Visa-Karten akzeptieren.<\/p>\n<p style=\"text-align: justify;\"><strong>Stellpl\u00e4tze<\/strong><br \/>\nWir waren nur wenige Tage in Botswana und haben folgende Stellpl\u00e4tze besucht:<\/p>\n<p style=\"text-align: justify;\"><strong><a href=\"https:\/\/www.abseitsreisen.de\/blog\/wp-content\/uploads\/2015\/02\/kasane_thebe_river_lodge.jpg\"><img loading=\"lazy\" decoding=\"async\" class=\"alignleft size-medium wp-image-6038\" style=\"margin: 5pt 15px 15pt 0pt;\" src=\"https:\/\/www.abseitsreisen.de\/blog\/wp-content\/uploads\/2015\/02\/kasane_thebe_river_lodge-300x199.jpg\" alt=\"kasane_thebe_river_lodge\" width=\"300\" height=\"199\" srcset=\"https:\/\/www.abseitsreisen.de\/blog\/wp-content\/uploads\/2015\/02\/kasane_thebe_river_lodge-300x199.jpg 300w, https:\/\/www.abseitsreisen.de\/blog\/wp-content\/uploads\/2015\/02\/kasane_thebe_river_lodge.jpg 720w\" sizes=\"auto, (max-width: 300px) 100vw, 300px\" \/><\/a>Kasane. Thebe River Lodge<\/strong><br \/>\nS 17\u00b0 47&#8242; 08.1&#8220;, E 25\u00b0 10&#8242; 55.5&#8220; (~ 940m \u00fc. M.)<\/p>\n<p style=\"text-align: justify;\">210 Pula \/ Nacht (ca. \u20ac 19,-)<br \/>\n(105 pro Person, Fahrzeug inbegriffen)<\/p>\n<p style=\"text-align: justify;\">Gro\u00dfes Campinggel\u00e4nde, das gerne von Overlander-Trucks benutzt wird.<\/p>\n<p style=\"text-align: justify;\">Ausstattung: WC, hei\u00dfe Dusche, kleiner Pool, Restaurant. Wi-Fi wird sehr teuer angeboten. Keine H\u00f6henbegrenzung.<\/p>\n<div style=\"clear: both; text-align: justify;\">\u00a0<a href=\"https:\/\/www.abseitsreisen.de\/blog\/wp-content\/uploads\/2015\/02\/kasan_kwalape_safari_lodge.jpg\"><img loading=\"lazy\" decoding=\"async\" class=\"alignleft size-medium wp-image-6039\" style=\"margin: 5pt 15px 15pt 0pt;\" src=\"https:\/\/www.abseitsreisen.de\/blog\/wp-content\/uploads\/2015\/02\/kasan_kwalape_safari_lodge-300x200.jpg\" alt=\"kasan_kwalape_safari_lodge\" width=\"300\" height=\"200\" srcset=\"https:\/\/www.abseitsreisen.de\/blog\/wp-content\/uploads\/2015\/02\/kasan_kwalape_safari_lodge-300x200.jpg 300w, https:\/\/www.abseitsreisen.de\/blog\/wp-content\/uploads\/2015\/02\/kasan_kwalape_safari_lodge.jpg 725w\" sizes=\"auto, (max-width: 300px) 100vw, 300px\" \/><\/a><strong>Kasane. Kwalape Safari Lodge<\/strong><\/div>\n<p style=\"text-align: justify;\">S 17\u00b0 47&#8242; 54.1&#8220;, E 25\u00b0 13&#8242; 04.2&#8220; (~ 950m \u00fc. M.)<\/p>\n<p style=\"text-align: justify;\">164 Pula \/ Nacht ( ca. \u20ac 15,-)<br \/>\n(82 Pula pro Person, Fahrzeug inbegriffen)<\/p>\n<p style=\"text-align: justify;\">Au\u00dferhalb von Kasane an der A33 nett angelegter Campingplatz.<\/p>\n<p style=\"text-align: justify;\">Ausstattung: Stellplatz mit Wasser und Strom, sch\u00f6ner, gepflegter Pool, Bar, Restaurant, WC, Dusche, free Wi-Fi vom Stellplatz aus, keine H\u00f6henbegrenzung.<\/p>\n","protected":false},"excerpt":{"rendered":"<p>Stand der Informationen Oktober 2014 Visa Deutsche Staatsb\u00fcrger d\u00fcrfen sich bis zu 30 Tage visafrei in Botswana aufhalten. Einreisebestimmungen Botswana geh\u00f6rt neben S\u00fcdafrika, Swasiland, Lesotho und Namibia zur S\u00fcdafrikanischen Zollunion. Wir haben f\u00fcr die Einfuhr unseres Fahrzeugs ein Carnet de &hellip; <a href=\"https:\/\/www.abseitsreisen.de\/blog\/lander-informationen\/botswana\/\">Weiterlesen<\/a><\/p>\n","protected":false},"author":1,"featured_media":0,"parent":473,"menu_order":0,"comment_status":"closed","ping_status":"closed","template":"","meta":{"kt_blocks_editor_width":"","_metis_text_type":"standard","_metis_text_length":4001,"_post_count":0,"footnotes":""},"class_list":["post-6023","page","type-page","status-publish","hentry"],"aioseo_notices":[],"public_identification_id":"c9d282eeb13d41919a206b69df4401bc","private_identification_id":"4ec3ffea41174414b0ce704f0b1c8c60","_links":{"self":[{"href":"https:\/\/www.abseitsreisen.de\/blog\/wp-json\/wp\/v2\/pages\/6023","targetHints":{"allow":["GET"]}}],"collection":[{"href":"https:\/\/www.abseitsreisen.de\/blog\/wp-json\/wp\/v2\/pages"}],"about":[{"href":"https:\/\/www.abseitsreisen.de\/blog\/wp-json\/wp\/v2\/types\/page"}],"author":[{"embeddable":true,"href":"https:\/\/www.abseitsreisen.de\/blog\/wp-json\/wp\/v2\/users\/1"}],"replies":[{"embeddable":true,"href":"https:\/\/www.abseitsreisen.de\/blog\/wp-json\/wp\/v2\/comments?post=6023"}],"version-history":[{"count":11,"href":"https:\/\/www.abseitsreisen.de\/blog\/wp-json\/wp\/v2\/pages\/6023\/revisions"}],"predecessor-version":[{"id":334007,"href":"https:\/\/www.abseitsreisen.de\/blog\/wp-json\/wp\/v2\/pages\/6023\/revisions\/334007"}],"up":[{"embeddable":true,"href":"https:\/\/www.abseitsreisen.de\/blog\/wp-json\/wp\/v2\/pages\/473"}],"wp:attachment":[{"href":"https:\/\/www.abseitsreisen.de\/blog\/wp-json\/wp\/v2\/media?parent=6023"}],"curies":[{"name":"wp","href":"https:\/\/api.w.org\/{rel}","templated":true}]}}