{"id":900,"date":"2011-01-30T00:43:36","date_gmt":"2011-01-29T23:43:36","guid":{"rendered":"http:\/\/www.abseitsreisen.de\/blog\/?page_id=900"},"modified":"2024-01-10T17:06:23","modified_gmt":"2024-01-10T16:06:23","slug":"presse-und-veroffentlichungen","status":"publish","type":"page","link":"https:\/\/www.abseitsreisen.de\/blog\/presse\/presse-und-veroffentlichungen\/","title":{"rendered":"Presseberichte"},"content":{"rendered":"<p>Eine Auswahl der Presseartikel, Interviews und Ver\u00f6ffentlichungen die im Zusammenhang mit unseren Reiseprojekten erschienen sind.<\/p>\n<p>Seit Ende 2016 sind so viele Berichte erschienen, dass wir ab diesem Zeitpunkt nicht mehr darauf verweisen.<\/p>\n<p>Gr\u00f6\u00dfere Ver\u00f6ffentlichungen gab es unter anderem im explorer, bei Mercedes Benz, im gestalten Verlag, im Piper Verlag und bei National Geographic.<\/p>\n<p>&nbsp;<\/p>\n<p>Die untenstehenden Artikel liegen im .pdf-Format vor.<\/p>\n<p>&nbsp;<\/p>\n<p><a title=\"hugo magazin 08 2010\" href=\"https:\/\/www.abseitsreisen.de\/blog\/wp-content\/uploads\/2011\/01\/hugo-magazin-08-2010.pdf\" target=\"_blank\" rel=\"noopener\">hugo magazin August 2010<\/a> (Auflage 10.000)<\/p>\n<p><a title=\"hugo magazin 10 2010\" href=\"https:\/\/www.abseitsreisen.de\/blog\/wp-content\/uploads\/2011\/01\/hugo-magazin-10-2010.pdf\" target=\"_blank\" rel=\"noopener\">hugo magazin Oktober 2010<\/a> (Auflage 10.000)<\/p>\n<p><a title=\"hugo Magazin vom November 2010\" href=\"https:\/\/www.abseitsreisen.de\/blog\/wp-content\/uploads\/2011\/01\/hugo-magazin-11-2010.pdf\" target=\"_blank\" rel=\"noopener\">hugo magazin November 2010<\/a> (Auflage 10.000)<\/p>\n<p><a title=\"hugo magazin 12 2010\" href=\"https:\/\/www.abseitsreisen.de\/blog\/wp-content\/uploads\/2011\/01\/hugo-magazin-12-2010.pdf\" target=\"_blank\" rel=\"noopener\">hugo magazin Dezember 2010<\/a> (Auflage 10.000)<\/p>\n<p><a title=\"Fink Magazin Freising vom Januar 2011\" href=\"https:\/\/www.abseitsreisen.de\/blog\/wp-content\/uploads\/2011\/01\/Freising-Fink-01-2011.pdf\" target=\"_blank\" rel=\"noopener\">Fink Magazin Freising Januar 2011<\/a> (Auflage 10.000)<\/p>\n<p><a title=\"Amberger Zeitung vom 5. Januar 2011\" href=\"https:\/\/www.abseitsreisen.de\/blog\/wp-content\/uploads\/2011\/01\/Amberger-Zeitung-05-01-2011.pdf\" target=\"_blank\" rel=\"noopener\">Amberger Zeitung 05. Januar 2011<\/a> (Auflage 30.000)<\/p>\n<p><a title=\"Freisinger Tagblatt vom 22. Januar 2011\" href=\"https:\/\/www.abseitsreisen.de\/blog\/wp-content\/uploads\/2011\/01\/Freisinger-Tagblatt-22-01-2011.pdf\" target=\"_blank\" rel=\"noopener\">Freisinger Tagblatt 22. Januar 2011<\/a> (Auflage 16.500)<\/p>\n<p><a title=\"Amberger Zeitung vom 27. Januar 2011\" href=\"https:\/\/www.abseitsreisen.de\/blog\/wp-content\/uploads\/2011\/01\/Amberger-Zeitung-27-01-2011.pdf\" target=\"_blank\" rel=\"noopener\">Amberger Zeitung 27. Januar 2011<\/a> (Auflage 30.000)<\/p>\n<p><a title=\"Regensburger Rundschau vom 26. Januar 2011\" href=\"https:\/\/www.abseitsreisen.de\/blog\/wp-content\/uploads\/2011\/01\/Regensburger-Rundschau-26-01-2011.pdf\" target=\"_blank\" rel=\"noopener\">Regensburger Rundschau 26. Januar 2011<\/a> (Auflage 147.000)<\/p>\n<p><a title=\"Straubinger Tagblatt vom 5. M\u00e4rz 2011\" href=\"https:\/\/www.abseitsreisen.de\/blog\/wp-content\/uploads\/2011\/10\/Straubinger-Tagblatt-05-03-2011.pdf\" target=\"_blank\" rel=\"noopener\">Straubinger Tagblatt 5. M\u00e4rz 2011<\/a> (Auflage 130.000)<\/p>\n<p><a title=\"hugo-magazin-08-2011\" href=\"https:\/\/www.abseitsreisen.de\/blog\/wp-content\/uploads\/2011\/10\/hugo-magazin-08-2011.pdf\" target=\"_blank\" rel=\"noopener\">hugo magazin August 2011<\/a> (Auflage 10.000)<\/p>\n<p><a title=\"Straubinger-Tagblatt-08-10-2011\" href=\"https:\/\/www.abseitsreisen.de\/blog\/wp-content\/uploads\/2011\/10\/Straubinger-Tagblatt-08-10-2011.pdf\">Straubinger Tagblatt 8. Oktober 2011 <\/a>(Auflage 130.000)<\/p>\n<p><a title=\"Amberger Zeitung 7. Januar 2012\" href=\"http:\/\/www.oberpfalznetz.de\/zeitung\/3097015-100-auch_weltreisende_brauchen_urlaub,1,0.html\" target=\"_blank\" rel=\"noopener\">Amberger Zeitung 7. Januar 2012<\/a> (Auflage 30.000)<\/p>\n<p><a title=\"Fink Freising Januar 2012\" href=\"https:\/\/www.abseitsreisen.de\/blog\/wp-content\/uploads\/2012\/09\/Fink-Freising-von-Januar-2012.pdf\" target=\"_blank\" rel=\"noopener\">Fink Magazin Freising Januar 2012<\/a> (Auflage 10.000)<\/p>\n<p><a title=\"Filter Regensburg Januar 2012\" href=\"https:\/\/www.abseitsreisen.de\/blog\/wp-content\/uploads\/2012\/09\/Filter-Regensburg-von-Januar-2012.pdf\" target=\"_blank\" rel=\"noopener\">Filter Regensburg Januar 2012<\/a> (Auflage 18.000)<\/p>\n<p><a title=\"AZ 27.1.2012\" href=\"https:\/\/www.abseitsreisen.de\/blog\/wp-content\/uploads\/2012\/09\/Amberger-Zeitung-vom-27.1.2012.pdf\" target=\"_blank\" rel=\"noopener\">Amberger Zeitung 27. Januar 2012<\/a> (Auflage 30.000)<\/p>\n<p><a href=\"http:\/\/www.oberpfalz.tv\/nachrichten\/in-einem-oldtimer-lkw-um-die-welt.html\" target=\"_blank\" rel=\"noopener\">Interview\u00a0bei Oberpfalz TV Januar 2012<\/a> (Tagesreichweite 57.000)<\/p>\n<p><a title=\"LEO Das Stadtmagazin f\u00fcr Amberg und Weiden\" href=\"https:\/\/www.abseitsreisen.de\/blog\/wp-content\/uploads\/2012\/12\/LEO_Amberg_Dezember_Reportage-2.pdf\" target=\"_blank\" rel=\"noopener\">LEO Stadtmagazin Amberg Dezember 2012<\/a> (Auflage 10.000)<\/p>\n<p><a title=\"Zu Gast im GMG\" href=\"https:\/\/www.abseitsreisen.de\/blog\/wp-content\/uploads\/2012\/12\/AZ_24.12_klein.jpg\" target=\"_blank\" rel=\"noopener\">Amberger Zeitung 24. Dezember 2012<\/a> (Auflage 30.000)<\/p>\n<p><a title=\"Straubinger Zeitung \/ Landshuter Zeitung 31.12.2012\" href=\"https:\/\/www.abseitsreisen.de\/blog\/wp-content\/uploads\/2013\/01\/downloadPDF.pdf\" target=\"_blank\" rel=\"noopener\">Straubinger Tagblatt \/ Landshuter Zeitung 31.Dezember 2012<\/a> (Auflage 139.000)<\/p>\n<p><a title=\"Fink Januar 2013\" href=\"https:\/\/www.abseitsreisen.de\/blog\/wp-content\/uploads\/2013\/01\/Fink_Jan12_klein_2.pdf\" target=\"_blank\" rel=\"noopener\">Fink Magazin Freising Januar 2013<\/a>\u00a0(Auflage 10.000)<\/p>\n<p><a title=\"In Etappen zu den Enden der Erde\" href=\"http:\/\/www.oberpfalznetz.de\/zeitung\/3535224-125-in_etappen_zu_den_enden_der_erde,1,0.html\" target=\"_blank\" rel=\"noopener\">Amberger Zeitung 15. Januar 2013 <\/a>(Auflage 30.000)<\/p>\n<div>\n<p><a title=\"In Etappen zu den Enden der Erde\" href=\"http:\/\/www.oberpfalznetz.de\/zeitung\/3535224-125-in_etappen_zu_den_enden_der_erde,1,0.html\" target=\"_blank\" rel=\"noopener\">Interview\u00a0bei Oberpfalz TV 5.Februar 2013<\/a>\u00a0(Tagesreichweite 57.000)<\/p>\n<p><a title=\"33000 Kilometer durch 17 Laender\" href=\"http:\/\/www.oberpfalznetz.de\/onetz\/3578550-118-33_000_kilometer_durch_17_laender,1,0.html\" target=\"_blank\" rel=\"noopener\">Oberpfalznetz\u00a0Weiden 14. Februar 2013<\/a><\/p>\n<p><a title=\"zu Gast im GMG\" href=\"http:\/\/www.gmg-amberg.de\/node\/511\" target=\"_blank\" rel=\"noopener\">Zu Gast im Gregor-Mendel-Gymnasium Amberg 14. Februar 2014<\/a><\/p>\n<p><a title=\"zu Gast im OTV-Talk\" href=\"http:\/\/www.otv.de\/mediathek\/video\/otv-talk-vom-11-03-2014\/#.UyK5H9xtRd0\" target=\"_blank\" rel=\"noopener\">Interview bei Oberpfalz TV 14. M\u00e4rz 2014 <\/a>(Tagesreichweite 188.000)<\/p>\n<p><a title=\"Artikel Adventure-Magazin\" href=\"http:\/\/www.adventure-magazin.de\/Weltumrundung_im_Oldtimer.htm\" target=\"_blank\" rel=\"noopener\">Adventur-Magazin.de M\u00e4rz 2014 <\/a>(online-Magazin)<\/p>\n<p><a title=\"Im Oldtimer um die Welt\" href=\"http:\/\/www.oberpfalznetz.de\/onetz\/4110778-118-im_oldtimer_mercedes_paula_um_die_welt,1,0.html\" target=\"_blank\" rel=\"noopener\">Oberpfalznetz Weiden 2. April 2014<\/a><\/p>\n<p><a title=\"Die Online-Story\" href=\"http:\/\/www.oberpfalznetz.de\/abseitsreisen\" target=\"_blank\" rel=\"noopener\">Oberpfalznetz &#8218;Die Online-Story&#8216; 2. April 2014<\/a><\/p>\n<p>LEO Stadtmagazin Amberg\/Weiden April 2014 (Auflage je 10.000)<\/p>\n<p><a title=\"Das Ende der Welt r\u00fcckt langsam n\u00e4her\" href=\"http:\/\/www.oberpfalznetz.de\/zeitung\/4114760-125-das_ende_der_welt_rueckt_langsam_naeher,1,0.html\" target=\"_blank\" rel=\"noopener\">Amberger Zeitung 5. \/ 6. April 2014<\/a>\u00a0(Auflage 30.000)<\/p>\n<p><a href=\"https:\/\/www.abseitsreisen.de\/blog\/wp-content\/uploads\/2011\/01\/Fink-April-2014-sm.pdf\">Fink Magazin Freising April 2014<\/a>\u00a0(Auflage 10.000)<\/p>\n<p><a title=\"Wer reisen will, kann das auch\" href=\"http:\/\/www.oberpfalznetz.de\/top\/4120581-864-wer_reisen_will_der_kann_es_auch,1,0.html\" target=\"_blank\" rel=\"noopener\">Oberpfalznetz &#8218;Die Online-Story&#8216; 9. April 2014<\/a><\/p>\n<p><a href=\"https:\/\/www.abseitsreisen.de\/blog\/wp-content\/uploads\/2011\/01\/Freisinger-Tagblatt-April-20141.pdf\">Freisinger Tagblatt 19. \/ 20. \/ 21. April 2014<\/a>\u00a0( Auflage 16.500)<\/p>\n<p><a href=\"http:\/\/programm.ard.de\/?sendung=2810711943641937\" target=\"_blank\" rel=\"noopener\">Bayerisches Fernsehen &#8211; Zu Gast im Studio bei &#8218;Wir in Bayern&#8216; 24. April 2014\u00a0<\/a><\/p>\n<p><a title=\"Freihunger Mitteilungsblatt 5-2014\" href=\"https:\/\/www.abseitsreisen.de\/blog\/wp-content\/uploads\/2014\/11\/Mitteilungsblatt-Freihung-5-2014.pdf\" target=\"_blank\" rel=\"noopener\">Freihunger Mitteilungsblatt Juni 2014<\/a><\/p>\n<p><a title=\"F\u00fcnf Jahre unterwegs\" href=\"http:\/\/explorer-magazin.com\/2014\/11\/fuenf-jahre-auf-achse\/\" target=\"_blank\" rel=\"noopener\">Explorer Magazin November 2014<\/a><\/p>\n<p><a href=\"https:\/\/www.abseitsreisen.de\/blog\/wp-content\/uploads\/2016\/01\/LEO_Reportage.pdf\" target=\"_blank\" rel=\"noopener\">LEO Stadtmagazin Amberg\/Weiden Dezember 2015 \/ Januar 2016<\/a> (Auflage je 10.000)<\/p>\n<p><a href=\"https:\/\/explorer-magazin.com\/shop\/explorer-winter-2015-2016\/\" target=\"_blank\" rel=\"noopener\">Explorer Magazin Winter 2015 \/ 2016<\/a> (Auflage 31. 000)<\/p>\n<p><a href=\"https:\/\/www.otv.de\/amberg-im-oldtimer-bis-ans-ende-der-welt-203294\/\" target=\"_blank\" rel=\"noopener\">Interview bei Oberpfalz TV 27. Dezember 2015<\/a>\u00a0(Tagesreichweite 188.000)<\/p>\n<p><a href=\"https:\/\/www.otv.de\/mediathek\/kategorie\/sendungen\/otv-talk\/\" target=\"_blank\" rel=\"noopener\">OTV-Talk &#8211; Im \u00a0Interview bei Oberpfalz TV 29. Dezember 2015\u00a0<\/a>(Tagesreichweite 188.000)<\/p>\n<div>\n<p><a title=\"Wer reisen will, kann das auch\" href=\"http:\/\/www.onetz.de\/amberg-in-der-oberpfalz\/vermischtes\/zurueck-vom-ende-der-welt-sabine-hoppe-und-thomas-rahn-berichten-vom-abseitsreisen-d1182829.html\" target=\"_blank\" rel=\"noopener\">Oberpfalznetz &#8218;Die Online-Story&#8216; 8. Januar 2016<\/a><\/p>\n<p><a href=\"https:\/\/www.abseitsreisen.de\/blog\/wp-content\/uploads\/2016\/02\/OZW_Feb.2016_.pdf\" target=\"_blank\" rel=\"noopener\">OWZ Oberpf\u00e4lzer Wochenzeitung Februar 2016<\/a>\u00a0(Auflage 89.000)<\/p>\n<p><a href=\"https:\/\/www.abseitsreisen.de\/blog\/wp-content\/uploads\/2016\/02\/Fink-Artikel-2016.pdf\" target=\"_blank\" rel=\"noopener\">Fink Magazin Freising\u00a0M\u00e4rz 2016<\/a>\u00a0(Auflage 10.000)<\/p>\n<p><a href=\"http:\/\/www.br.de\/fernsehen\/bayerisches-fernsehen\/programmkalender\/ausstrahlung-625478.html\" target=\"_blank\" rel=\"noopener\">Bayerisches Fernsehen &#8211; Zu Gast im Studio bei &#8218;Wir in Bayern&#8216; 15. M\u00e4rz 2016\u00a0<\/a><\/p>\n<p><a href=\"http:\/\/www.gmg-amberg.de\/node\/836\">Zu Gast im Gregor-Mendel-Gymnasium Amberg\u00a025. Juli 2016<\/a><\/p>\n<p><a href=\"https:\/\/www.myvan.com\/de\/life\/travel\/mercedes-benz-la-911-b-weltreise\/#!\">Mercedes-Benz Online-Magazin MYVAN (deutsch) September 2016<\/a><\/p>\n<p><a href=\"https:\/\/www.myvan.com\/life\/travel\/mercedes-benz-la-911-b-world-trip\/\">Mercedes-Benz Online-Magazin MYVAN (englisch) September 2016<\/a><\/p>\n<\/div>\n<p>&nbsp;<\/p>\n<p>Zum \u00d6ffnen und Drucken von PDF-Dateien wird ein PDF-Reader ben\u00f6tigt,<br \/>\nder<a title=\"Adobe Reader Download\" href=\"http:\/\/get.adobe.com\/de\/reader\/\" target=\"_blank\" rel=\"noopener\"> kostenlos bei ADOBE <\/a>heruntergeladen werden kann.<\/p>\n<\/div>\n","protected":false},"excerpt":{"rendered":"<p>Eine Auswahl der Presseartikel, Interviews und Ver\u00f6ffentlichungen die im Zusammenhang mit unseren Reiseprojekten erschienen sind. Seit Ende 2016 sind so viele Berichte erschienen, dass wir ab diesem Zeitpunkt nicht mehr darauf verweisen. Gr\u00f6\u00dfere Ver\u00f6ffentlichungen gab es unter anderem im explorer, &hellip; <a href=\"https:\/\/www.abseitsreisen.de\/blog\/presse\/presse-und-veroffentlichungen\/\">Weiterlesen<\/a><\/p>\n","protected":false},"author":1,"featured_media":0,"parent":2412,"menu_order":1,"comment_status":"closed","ping_status":"closed","template":"","meta":{"kt_blocks_editor_width":"","_metis_text_type":"standard","_metis_text_length":3272,"_post_count":0,"footnotes":""},"class_list":["post-900","page","type-page","status-publish","hentry"],"aioseo_notices":[],"_links":{"self":[{"href":"https:\/\/www.abseitsreisen.de\/blog\/wp-json\/wp\/v2\/pages\/900","targetHints":{"allow":["GET"]}}],"collection":[{"href":"https:\/\/www.abseitsreisen.de\/blog\/wp-json\/wp\/v2\/pages"}],"about":[{"href":"https:\/\/www.abseitsreisen.de\/blog\/wp-json\/wp\/v2\/types\/page"}],"author":[{"embeddable":true,"href":"https:\/\/www.abseitsreisen.de\/blog\/wp-json\/wp\/v2\/users\/1"}],"replies":[{"embeddable":true,"href":"https:\/\/www.abseitsreisen.de\/blog\/wp-json\/wp\/v2\/comments?post=900"}],"version-history":[{"count":74,"href":"https:\/\/www.abseitsreisen.de\/blog\/wp-json\/wp\/v2\/pages\/900\/revisions"}],"predecessor-version":[{"id":334059,"href":"https:\/\/www.abseitsreisen.de\/blog\/wp-json\/wp\/v2\/pages\/900\/revisions\/334059"}],"up":[{"embeddable":true,"href":"https:\/\/www.abseitsreisen.de\/blog\/wp-json\/wp\/v2\/pages\/2412"}],"wp:attachment":[{"href":"https:\/\/www.abseitsreisen.de\/blog\/wp-json\/wp\/v2\/media?parent=900"}],"curies":[{"name":"wp","href":"https:\/\/api.w.org\/{rel}","templated":true}]}}