{"id":9252,"date":"2017-09-25T10:48:47","date_gmt":"2017-09-25T08:48:47","guid":{"rendered":"http:\/\/www.abseitsreisen.de\/blog\/?page_id=9252"},"modified":"2023-11-20T17:58:11","modified_gmt":"2023-11-20T16:58:11","slug":"aserbaidschan","status":"publish","type":"page","link":"https:\/\/www.abseitsreisen.de\/blog\/lander-informationen\/aserbaidschan\/","title":{"rendered":"Aserbaidschan"},"content":{"rendered":"<p>!!! UPDATE <strong>Mai 2017 <\/strong>!!!<\/p>\n<p>Wir selbst haben Aserbaidschan nicht besucht, sondern sind direkt von der T\u00fcrkei nach Iran gereist. Immer mehr Reisende machen bei der Fahrt nach Osten die Tour durch Armenien und Aserbaidschan. Wer kein Visum f\u00fcr Turkmenistan bekommt, f\u00fcr den ist die Fahrzeugverschiffung von Aserbaidschan nach Kasachstan (Baku -&gt; Aqtau) eine Option.<\/p>\n<p>Die folgenden Reiseinfos stammen von Maria und Leander (-&gt; <a href=\"http:\/\/www.akela.world\/home\/\">AKELA &#8211; From Alp to Alp <\/a>) Daf\u00fcr vielen Dank im Namen aller, denen die Informationen weiterhelfen!<\/p>\n<div class=\"\"><strong>Stand der Informationen<\/strong><\/div>\n<p>Mai 2017<\/p>\n<div class=\"\"><strong>W\u00e4hrung<\/strong><\/div>\n<p>Manat. 1,9 Manat sind umgerechnet ca. 1 Euro.<\/p>\n<div class=\"\"><strong>Diesel<\/strong><\/div>\n<p>Diesel ist \u00fcberall zu bekommen. Preis 0,6 Manat pro Liter = ca. \u20ac 0,32.<\/p>\n<div class=\"\"><strong>Visa<\/strong><\/div>\n<p>E-Visa f\u00fcr $24 online zu bekommen (f\u00fcr \u00d6sterreicher).<br \/>\n<a class=\"\" href=\"http:\/\/www.evisa.gov.az\">www.evisa.gov.az<\/a><\/p>\n<div class=\"\"><strong>Einreise<\/strong><\/div>\n<p>Die Einreise bei Astara war relativ m\u00fchsam und es dauerte mehr als 3 Stunden bis alle Formalit\u00e4ten erledigt waren.<br \/>\nKosten an der Grenze: $40 Road taxes.<br \/>\nVersicherung kommt noch dazu. Wir wissen aber nicht, was es wirklich kostet, da wir keine Versicherung gebraucht \/ bekommen haben. Mercedes Benz 911 Bj. 1977 wurde in der Datenbank nicht gefunden ;-)<\/p>\n<div class=\"\"><strong>Stra\u00dfenzustand<\/strong><\/div>\n<p>Miserabelst. Die bisher schlechtesten Stra\u00dfen. Von Astara Richtung Baku brauchten wir f\u00fcr die ersten 200 km fast 5 Stunden. Die Stra\u00dfen sind \u00fcbers\u00e4t mit Spurrinnen und Schlagl\u00f6chern. Nach 200 km f\u00e4ngt dann die Autobahn nach Baku an, die in sehr gutem Zustand ist.<\/p>\n<div class=\"\"><strong>F\u00e4hre<\/strong><\/div>\n<p>Informationen zur F\u00e4hre \u00e4ndern sich wahrscheinlich st\u00fcndlich ;-) Wir haben viele andere Reisende am Hafen getroffen, die fast alle unterschiedliche Infos hatten, und teils auch schon seit 3 Tagen gewartet haben.<br \/>\nPassagierschiffe nach Aqtau (Kasachstan) gehen von Baku aus. Sobald man ein Fahrzeug dabei hat, geht die F\u00e4hre von Alat weg. Am jeweiligen Hafen bekommt man auch die Tickets. Laut Informationen von Caravanistan muss man (mit Fahrzeug) anscheinend zuerst in Baku Tickets kaufen und dann zur\u00fcck nach Alat. Haben wir gemacht, hat aber nicht gestimmt. Wir haben alles in Alat am Hafen erledigen k\u00f6nnen.<br \/>\nF\u00e4hrplan ist total wetterabh\u00e4ngig.<\/p>\n<div class=\"\"><strong>Preise der F\u00e4hre<\/strong><\/div>\n<p>Preise variieren nach L\u00e4nge. F\u00fcr unseren Truck (8,2m) haben wir $80 pro Meter bezahlt (wurde nicht als LKW anerkannt, sondern als Minibus!!) LKW w\u00e4re g\u00fcnstiger gewesen. Alles in allem (2 Erwachsene und ein Kind (50% erm\u00e4\u00dfigt) haben wir $850 bezahlt (inkl. $20 Hafengeb\u00fchr). Sobald man ein Ticket hat, wird man zum Zoll geschickt. Allerdings sollte man sich da Zeit lassen, denn sobald man beim Zoll war, darf man das Gel\u00e4nde mit dem Fahrzeug nicht mehr verlassen. Also, vorher alles erledigen und einkaufen und erst wenn man sicher ist, dass die F\u00e4hre kommt, zum Zoll gehen.<\/p>\n","protected":false},"excerpt":{"rendered":"<p>!!! UPDATE Mai 2017 !!! Wir selbst haben Aserbaidschan nicht besucht, sondern sind direkt von der T\u00fcrkei nach Iran gereist. Immer mehr Reisende machen bei der Fahrt nach Osten die Tour durch Armenien und Aserbaidschan. Wer kein Visum f\u00fcr Turkmenistan &hellip; <a href=\"https:\/\/www.abseitsreisen.de\/blog\/lander-informationen\/aserbaidschan\/\">Weiterlesen<\/a><\/p>\n","protected":false},"author":3,"featured_media":0,"parent":473,"menu_order":0,"comment_status":"closed","ping_status":"open","template":"","meta":{"kt_blocks_editor_width":"","_metis_text_type":"standard","_metis_text_length":2655,"_post_count":0,"footnotes":""},"class_list":["post-9252","page","type-page","status-publish","hentry"],"aioseo_notices":[],"public_identification_id":"96b3749c92ee462e87455edf44b6d9a4","private_identification_id":"72e30495e4f54600a79b70383acc1bd8","_links":{"self":[{"href":"https:\/\/www.abseitsreisen.de\/blog\/wp-json\/wp\/v2\/pages\/9252","targetHints":{"allow":["GET"]}}],"collection":[{"href":"https:\/\/www.abseitsreisen.de\/blog\/wp-json\/wp\/v2\/pages"}],"about":[{"href":"https:\/\/www.abseitsreisen.de\/blog\/wp-json\/wp\/v2\/types\/page"}],"author":[{"embeddable":true,"href":"https:\/\/www.abseitsreisen.de\/blog\/wp-json\/wp\/v2\/users\/3"}],"replies":[{"embeddable":true,"href":"https:\/\/www.abseitsreisen.de\/blog\/wp-json\/wp\/v2\/comments?post=9252"}],"version-history":[{"count":6,"href":"https:\/\/www.abseitsreisen.de\/blog\/wp-json\/wp\/v2\/pages\/9252\/revisions"}],"predecessor-version":[{"id":9259,"href":"https:\/\/www.abseitsreisen.de\/blog\/wp-json\/wp\/v2\/pages\/9252\/revisions\/9259"}],"up":[{"embeddable":true,"href":"https:\/\/www.abseitsreisen.de\/blog\/wp-json\/wp\/v2\/pages\/473"}],"wp:attachment":[{"href":"https:\/\/www.abseitsreisen.de\/blog\/wp-json\/wp\/v2\/media?parent=9252"}],"curies":[{"name":"wp","href":"https:\/\/api.w.org\/{rel}","templated":true}]}}